{"id":1171,"date":"2023-09-25T16:14:17","date_gmt":"2023-09-25T14:14:17","guid":{"rendered":"https:\/\/app.lib.uliege.be\/stt\/?page_id=1171"},"modified":"2025-11-25T17:56:38","modified_gmt":"2025-11-25T16:56:38","slug":"2024-edition","status":"publish","type":"page","link":"https:\/\/services.lib.uliege.be\/stt\/opening-up-our-heritage\/","title":{"rendered":"2024 Edition"},"content":{"rendered":"\n<p class=\"wp-block-paragraph\">The theme of the 2024 Erasmus Staff Training Week at ULi\u00e8ge Library is:<\/p>\n\n\n\n<h2 class=\"wp-block-heading\">Opening up our Heritage: Challenges and Opportunities in Digitising and Promoting Cultural and Research Collections<\/h2>\n\n\n<div class=\"wp-block-image\">\n<figure class=\"alignleft size-thumbnail\"><img data-recalc-dims=\"1\" loading=\"lazy\" decoding=\"async\" width=\"150\" height=\"150\" data-attachment-id=\"1201\" data-permalink=\"https:\/\/services.lib.uliege.be\/stt\/_4917d6ba-52ed-4c5c-b20b-6916f60a2b6f_600\/\" data-orig-file=\"https:\/\/i0.wp.com\/services.lib.uliege.be\/stt\/wp-content\/uploads\/2023\/09\/4917d6ba-52ed-4c5c-b20b-6916f60a2b6f_600-e1695722340283.png?fit=200%2C200&amp;ssl=1\" data-orig-size=\"200,200\" data-comments-opened=\"0\" data-image-meta=\"{&quot;aperture&quot;:&quot;0&quot;,&quot;credit&quot;:&quot;&quot;,&quot;camera&quot;:&quot;&quot;,&quot;caption&quot;:&quot;&quot;,&quot;created_timestamp&quot;:&quot;0&quot;,&quot;copyright&quot;:&quot;&quot;,&quot;focal_length&quot;:&quot;0&quot;,&quot;iso&quot;:&quot;0&quot;,&quot;shutter_speed&quot;:&quot;0&quot;,&quot;title&quot;:&quot;&quot;,&quot;orientation&quot;:&quot;0&quot;}\" data-image-title=\"_4917d6ba-52ed-4c5c-b20b-6916f60a2b6f_600\" data-image-description=\"\" data-image-caption=\"\" data-large-file=\"https:\/\/i0.wp.com\/services.lib.uliege.be\/stt\/wp-content\/uploads\/2023\/09\/4917d6ba-52ed-4c5c-b20b-6916f60a2b6f_600-e1695722340283.png?fit=200%2C200&amp;ssl=1\" src=\"https:\/\/i0.wp.com\/services.lib.uliege.be\/stt\/wp-content\/uploads\/2023\/09\/4917d6ba-52ed-4c5c-b20b-6916f60a2b6f_600-e1695722340283-150x150.png?resize=150%2C150&#038;ssl=1\" alt=\"\" class=\"wp-image-1201\" srcset=\"https:\/\/i0.wp.com\/services.lib.uliege.be\/stt\/wp-content\/uploads\/2023\/09\/4917d6ba-52ed-4c5c-b20b-6916f60a2b6f_600-e1695722340283.png?resize=150%2C150&amp;ssl=1 150w, https:\/\/i0.wp.com\/services.lib.uliege.be\/stt\/wp-content\/uploads\/2023\/09\/4917d6ba-52ed-4c5c-b20b-6916f60a2b6f_600-e1695722340283.png?w=200&amp;ssl=1 200w\" sizes=\"auto, (max-width: 150px) 100vw, 150px\" \/><\/figure>\n<\/div>\n\n\n<p class=\"wp-block-paragraph\">Heritage libraries attach great importance to the conservation and preservation in good condition of the heritage collections for which they are responsible, and of the custodians. Ensuring that these precious collections are passed on to future generations sometimes conflicts with the need to make them accessible and presentable to current generations, whether for teaching, education or research purposes. Digital technologies now enable libraries and museums to enhance and promote cultural and research heritage without risking their precious and sometimes unique books, works of art or artifacts.<\/p>\n\n\n\n<p class=\"wp-block-paragraph\">The 2024 edition of the Erasmus Staff Training Week at ULi\u00e8ge Library will focus on <strong>strategic and operational aspects related to the valorisation and promotion of cultural and research heritage collections<\/strong>.<\/p>\n\n\n\n<h3 class=\"wp-block-heading\">When<\/h3>\n\n\n\n<p class=\"wp-block-paragraph\">From Monday June 10 to Friday June 14, 2024.<\/p>\n\n\n\n<h3 class=\"wp-block-heading\">Where<\/h3>\n\n\n\n<p class=\"wp-block-paragraph\">University of Li\u00e8ge (<a href=\"https:\/\/www.campus.uliege.be\/cms\/c_9038314\/en\/liege-city-centre\" target=\"_blank\" rel=\"noreferrer noopener\">Li\u00e8ge city centre<\/a> and <a href=\"https:\/\/www.campus.uliege.be\/cms\/c_9038317\/en\/liege-sart-tilman\" target=\"_blank\" rel=\"noreferrer noopener\">Li\u00e8ge Sart Tilman<\/a> campuses), Belgium.<\/p>\n\n\n\n<h3 class=\"wp-block-heading\">Call for Participation<\/h3>\n\n\n\n<ul class=\"wp-block-list\">\n<li><strong>The call for participation was open until December 31, 2023<\/strong>.<\/li>\n\n\n\n<li>Applicants will need to supply a <strong>motivation letter<\/strong>, a <strong>CV <\/strong>and a <strong>list of publications and communications<\/strong>. \n<ul class=\"wp-block-list\">\n<li>Junior applicants should not be impressed by the requirement to provide a list of publications. The committee&#8217;s decision will take into account the age of the candidates and their professional background.<\/li>\n<\/ul>\n<\/li>\n\n\n\n<li>The total number of accepted participants will be around 20.<\/li>\n\n\n\n<li>Applicants will be notified of the <strong>decision of the Selection Committee on January 19, 2024<\/strong>.<\/li>\n\n\n\n<li>Athough it is not mandatory to <strong>submit a proposal<\/strong> for this Erasmus Week, it is highly recommended so that participants can take an active part in the Week. In all cases, <span style=\"text-decoration: underline;\">priority will certainly be given to candidates who submit a paper for a session<\/span>. <\/li>\n\n\n\n<li>Participation in the Erasmus Staff Training week is <strong>free<\/strong>, but participants will have to cover their travel costs, accommodation, and living expenses (incl. some lunches).<\/li>\n\n\n\n<li>Participation of the home institution in the European Erasmus Mobility Staff Training programme is not a condition for applying.<\/li>\n<\/ul>\n\n\n\n<h3 class=\"wp-block-heading\">Content and topics in the workshops<\/h3>\n\n\n\n<p class=\"wp-block-paragraph\">The Week will focus on <strong>strategic <\/strong>and <strong>operational aspects <\/strong>related to the <strong>valorisation <\/strong>and <strong>promotion <\/strong>of cultural and research heritage collections.<\/p>\n\n\n\n<p class=\"wp-block-paragraph\">Suggested topics related to the theme of the Week and that presentations could focus on:<\/p>\n\n\n\n<ul class=\"wp-block-list\">\n<li>Collaboration and partnership with other libraries and institutions for better valorisation<\/li>\n\n\n\n<li>Crowdsourcing to accelerate projects to promote heritage collections<\/li>\n\n\n\n<li>Digital exhibition projects or creations by libraries and archives<\/li>\n\n\n\n<li>Discoverability of digital heritage collections (metadata, harvesting, linked data, etc.)<\/li>\n\n\n\n<li>DRM, license, copyrights, NFTs, blockchain, and copyright issues<\/li>\n\n\n\n<li>Examples of successful collaboration between researchers and librarians<\/li>\n\n\n\n<li>Exhibiting cultural and research heritage objects with a CMS\/web-publishing platform (Omeka, Blacklight, DSpace, SobeckCM, etc.)<\/li>\n\n\n\n<li>Improving the visibility and accessibility of archives using digital technology<\/li>\n\n\n\n<li>Innovative value-added services for digital heritage collections<\/li>\n\n\n\n<li>Integration with (inter)national harvesters and aggregators<\/li>\n\n\n\n<li>Public policies for cultural and research heritage valorisation<\/li>\n<\/ul>\n\n\n\n<p class=\"wp-block-paragraph\">Note that the following aspects will <span style=\"text-decoration: underline;\">not<\/span> be covered:<\/p>\n\n\n\n<ul id=\"block-a54c2734-ea9a-4af1-8bc1-2438863a8cc4\" class=\"wp-block-list\">\n<li>(Digital) conservation, preservation, restoration, and physical exhibition of heritage collections<\/li>\n\n\n\n<li>Highly technical developments or purely IT aspects<\/li>\n<\/ul>\n\n\n\n<h3 class=\"wp-block-heading\" style=\"text-transform:none\">For Whom\u2013Target Groups<\/h3>\n\n\n\n<ul class=\"wp-block-list\">\n<li>Library Managers<\/li>\n\n\n\n<li>Digital Library Managers<\/li>\n\n\n\n<li>Project Managers<\/li>\n\n\n\n<li>Library Special Collections Curators<\/li>\n<\/ul>\n\n\n\n<h3 class=\"wp-block-heading\">Practical Info<\/h3>\n\n\n<div class=\"wp-block-image\">\n<figure class=\"alignright size-thumbnail\"><img data-recalc-dims=\"1\" loading=\"lazy\" decoding=\"async\" width=\"150\" height=\"150\" data-attachment-id=\"1200\" data-permalink=\"https:\/\/services.lib.uliege.be\/stt\/_8e0ffc00-043e-4bcf-8ee4-b2b0a5afa53d_600\/\" data-orig-file=\"https:\/\/i0.wp.com\/services.lib.uliege.be\/stt\/wp-content\/uploads\/2023\/09\/8e0ffc00-043e-4bcf-8ee4-b2b0a5afa53d_600-e1695722565957.png?fit=350%2C350&amp;ssl=1\" data-orig-size=\"350,350\" data-comments-opened=\"0\" data-image-meta=\"{&quot;aperture&quot;:&quot;0&quot;,&quot;credit&quot;:&quot;&quot;,&quot;camera&quot;:&quot;&quot;,&quot;caption&quot;:&quot;&quot;,&quot;created_timestamp&quot;:&quot;0&quot;,&quot;copyright&quot;:&quot;&quot;,&quot;focal_length&quot;:&quot;0&quot;,&quot;iso&quot;:&quot;0&quot;,&quot;shutter_speed&quot;:&quot;0&quot;,&quot;title&quot;:&quot;&quot;,&quot;orientation&quot;:&quot;0&quot;}\" data-image-title=\"_8e0ffc00-043e-4bcf-8ee4-b2b0a5afa53d_600\" data-image-description=\"\" data-image-caption=\"\" data-large-file=\"https:\/\/i0.wp.com\/services.lib.uliege.be\/stt\/wp-content\/uploads\/2023\/09\/8e0ffc00-043e-4bcf-8ee4-b2b0a5afa53d_600-e1695722565957.png?fit=350%2C350&amp;ssl=1\" src=\"https:\/\/i0.wp.com\/services.lib.uliege.be\/stt\/wp-content\/uploads\/2023\/09\/8e0ffc00-043e-4bcf-8ee4-b2b0a5afa53d_600-e1695722565957-150x150.png?resize=150%2C150&#038;ssl=1\" alt=\"\" class=\"wp-image-1200\" srcset=\"https:\/\/i0.wp.com\/services.lib.uliege.be\/stt\/wp-content\/uploads\/2023\/09\/8e0ffc00-043e-4bcf-8ee4-b2b0a5afa53d_600-e1695722565957.png?resize=150%2C150&amp;ssl=1 150w, https:\/\/i0.wp.com\/services.lib.uliege.be\/stt\/wp-content\/uploads\/2023\/09\/8e0ffc00-043e-4bcf-8ee4-b2b0a5afa53d_600-e1695722565957.png?resize=300%2C300&amp;ssl=1 300w, https:\/\/i0.wp.com\/services.lib.uliege.be\/stt\/wp-content\/uploads\/2023\/09\/8e0ffc00-043e-4bcf-8ee4-b2b0a5afa53d_600-e1695722565957.png?w=350&amp;ssl=1 350w\" sizes=\"auto, (max-width: 150px) 100vw, 150px\" \/><\/figure>\n<\/div>\n\n\n<ul class=\"wp-block-list\">\n<li>Presentations, discussions, and visits will be in English.<\/li>\n\n\n\n<li>Presentations&#8217; length can be variable (from 20 min. to 45 min.).<\/li>\n\n\n\n<li>The Week will include:\n<ul class=\"wp-block-list\">\n<li>more than 20 presentations (by the participants), followed by discussions<\/li>\n\n\n\n<li>library visits<\/li>\n\n\n\n<li>meetings and talks with ULi\u00e8ge Library staff<\/li>\n\n\n\n<li>social activities <\/li>\n<\/ul>\n<\/li>\n\n\n\n<li>Announcement on IMOTION: <a href=\"http:\/\/staffmobility.eu\/staffweek\/opening-our-heritage-challenges-and\" target=\"_blank\" rel=\"noreferrer noopener\">http:\/\/staffmobility.eu\/staffweek\/opening-our-heritage-challenges-and<\/a><\/li>\n<\/ul>\n\n\n\n<h3 class=\"wp-block-heading\">Publication<\/h3>\n\n\n\n<p class=\"wp-block-paragraph\">The Week\u2019s proceedings have been\u00a0<strong>published in Open Access<\/strong>\u00a0and made available on <a href=\"https:\/\/e-publish.uliege.be\/\" target=\"_blank\" rel=\"noreferrer noopener\"><em>e-publish<\/em><\/a>\u00a0in 2025. <em>e-publish<\/em>\u00a0is a comprehensive editing and publishing service provided by ULi\u00e8ge Library that allows authors and editors to participate in all stages leading to the publication of their work, from writing through to its distribution on digital platforms like DOAB and Google Books.<\/p>\n\n\n\n<p class=\"wp-block-paragraph\"><strong>Renaville, F., Adam, R., &amp; Oger, C. (Eds.). (2025). <em>Opening up our Heritage: Opportunities in Digitising and Promoting Cultural and Research Collections<\/em>. Li\u00e8ge: Presses Universitaires de Li\u00e8ge; ULi\u00e8ge Library. doi: <a href=\"https:\/\/e-publish.uliege.be\/opening-up-our-heritage\" target=\"_blank\" rel=\"noreferrer noopener\">10.25518\/978-2-87019-330-3<\/a><\/strong><\/p>\n\n\n\n<ul class=\"wp-block-list\">\n<li><a href=\"https:\/\/e-publish.uliege.be\/opening-up-our-heritage\/\" target=\"_blank\" rel=\"noreferrer noopener\"><strong>HTML<\/strong><\/a><\/li>\n\n\n\n<li><a href=\"https:\/\/orbi.uliege.be\/bitstream\/2268\/335727\/1\/Opening-up-our-Heritage.pdf\" target=\"_blank\" rel=\"noreferrer noopener\"><strong>PDF<\/strong><\/a><\/li>\n\n\n\n<li><a href=\"https:\/\/orbi.uliege.be\/bitstream\/2268\/335727\/3\/Opening%20up%20our%20Heritage.epub\" target=\"_blank\" rel=\"noreferrer noopener\"><strong>ePub<\/strong><\/a><\/li>\n<\/ul>\n\n\n\n<h3 class=\"wp-block-heading\">Organization<\/h3>\n\n\n\n<h4 class=\"wp-block-heading\">Programme and Organization<\/h4>\n\n\n\n<ul class=\"wp-block-list\">\n<li><a href=\"https:\/\/www.uliege.be\/cms\/c_9054334\/en\/directory?uid=u188166\" target=\"_blank\" rel=\"noreferrer noopener\">Renaud ADAM<\/a><\/li>\n\n\n\n<li><a href=\"https:\/\/www.uliege.be\/cms\/c_9054334\/en\/directory?uid=u181692\" target=\"_blank\" rel=\"noreferrer noopener\">C\u00e9cile OGER<\/a><\/li>\n\n\n\n<li><a href=\"https:\/\/www.uliege.be\/cms\/c_9054334\/en\/directory?uid=u183995\" target=\"_blank\" rel=\"noreferrer noopener\">Fran\u00e7ois RENAVILLE<\/a><\/li>\n<\/ul>\n\n\n\n<h4 class=\"wp-block-heading\">Selection Committee<\/h4>\n\n\n\n<ul class=\"wp-block-list\">\n<li><a href=\"https:\/\/www.uliege.be\/cms\/c_9054334\/en\/directory?uid=u188166\" target=\"_blank\" rel=\"noreferrer noopener\">Renaud ADAM<\/a><\/li>\n\n\n\n<li><a href=\"https:\/\/www.uliege.be\/cms\/c_9054334\/en\/directory?uid=u181692\" target=\"_blank\" rel=\"noreferrer noopener\">C\u00e9cile OGER<\/a><\/li>\n\n\n\n<li><a href=\"https:\/\/www.uliege.be\/cms\/c_9054334\/en\/directory?uid=u183995\" target=\"_blank\" rel=\"noreferrer noopener\">Fran\u00e7ois RENAVILLE<\/a><\/li>\n\n\n\n<li><a href=\"https:\/\/www.uliege.be\/cms\/c_9054334\/en\/directory?uid=u213105\" target=\"_blank\" rel=\"noreferrer noopener\">St\u00e9phanie SIMON<\/a><\/li>\n\n\n\n<li><a href=\"https:\/\/www.uliege.be\/cms\/c_9054334\/en\/directory?uid=u013783\" target=\"_blank\" rel=\"noreferrer noopener\">Paul THIRION<\/a><\/li>\n<\/ul>\n\n\n\n<h4 class=\"wp-block-heading\">Administrative Aspects<\/h4>\n\n\n\n<ul class=\"wp-block-list\">\n<li>erasmus.stt {@} uliege {.} be<\/li>\n\n\n\n<li><a href=\"https:\/\/www.uliege.be\/cms\/c_9054334\/en\/directory?uid=u205996\" target=\"_blank\" rel=\"noreferrer noopener\">Julie HOLLENFELTZ<\/a>, International Relations Office<\/li>\n\n\n\n<li><a href=\"https:\/\/www.uliege.be\/cms\/c_9054334\/en\/directory?uid=u029613\" data-type=\"link\" data-id=\"https:\/\/www.uliege.be\/cms\/c_9054334\/en\/directory?uid=u029613\" target=\"_blank\" rel=\"noreferrer noopener\">Dominique D&#8217;ARRIPE<\/a>, International Relations Office<\/li>\n<\/ul>\n","protected":false},"excerpt":{"rendered":"<p>The theme of the 2024 Erasmus Staff Training Week at ULi\u00e8ge Library is: Opening up our Heritage: Challenges and Opportunities in Digitising and Promoting Cultural and Research Collections Heritage libraries attach great importance to the conservation and preservation in good&#8230; <a href=\"https:\/\/services.lib.uliege.be\/stt\/opening-up-our-heritage\/\" class=\"readmore\">Read more<span class=\"screen-reader-text\">2024 Edition<\/span><span class=\"fa fa-angle-double-right\" aria-hidden=\"true\"><\/span><\/a><\/p>\n","protected":false},"author":3,"featured_media":0,"parent":0,"menu_order":0,"comment_status":"closed","ping_status":"closed","template":"template\/content-sidebar.php","meta":{"_crdt_document":"","footnotes":""},"class_list":["post-1171","page","type-page","status-publish","hentry"],"jetpack_sharing_enabled":true,"jetpack_shortlink":"https:\/\/wp.me\/PaDENg-iT","_links":{"self":[{"href":"https:\/\/services.lib.uliege.be\/stt\/index.php\/wp-json\/wp\/v2\/pages\/1171","targetHints":{"allow":["GET"]}}],"collection":[{"href":"https:\/\/services.lib.uliege.be\/stt\/index.php\/wp-json\/wp\/v2\/pages"}],"about":[{"href":"https:\/\/services.lib.uliege.be\/stt\/index.php\/wp-json\/wp\/v2\/types\/page"}],"author":[{"embeddable":true,"href":"https:\/\/services.lib.uliege.be\/stt\/index.php\/wp-json\/wp\/v2\/users\/3"}],"replies":[{"embeddable":true,"href":"https:\/\/services.lib.uliege.be\/stt\/index.php\/wp-json\/wp\/v2\/comments?post=1171"}],"version-history":[{"count":61,"href":"https:\/\/services.lib.uliege.be\/stt\/index.php\/wp-json\/wp\/v2\/pages\/1171\/revisions"}],"predecessor-version":[{"id":1721,"href":"https:\/\/services.lib.uliege.be\/stt\/index.php\/wp-json\/wp\/v2\/pages\/1171\/revisions\/1721"}],"wp:attachment":[{"href":"https:\/\/services.lib.uliege.be\/stt\/index.php\/wp-json\/wp\/v2\/media?parent=1171"}],"curies":[{"name":"wp","href":"https:\/\/api.w.org\/{rel}","templated":true}]}}