{"id":5571,"date":"2020-06-19T15:24:55","date_gmt":"2020-06-19T13:24:55","guid":{"rendered":"https:\/\/app.lib.uliege.be\/guide_catalo\/?page_id=5571"},"modified":"2024-06-18T15:29:54","modified_gmt":"2024-06-18T13:29:54","slug":"en-pratique","status":"publish","type":"page","link":"https:\/\/services.lib.uliege.be\/guide_catalo\/en-pratique\/","title":{"rendered":"En pratique"},"content":{"rendered":"\n<h1 class=\"wp-block-heading\">RDA &amp; \u00e9volution des catalogues en pratique<\/h1>\n\n\n\n<p><br><\/p>\n\n\n\n<h3 class=\"wp-block-heading\">Supports de formation ULi\u00e8ge (mars-avril 2014)<\/h3>\n\n\n\n<p>Supports des formations consacr\u00e9es \u00e0 l\u2019\u00e9volution du catalogue en mars-avril 2014. Les deux documents contiennent des \u00e9l\u00e9ments d\u2019informations qui peuvent \u00eatre directement en lien avec Aleph ou avec l\u2019outil de d\u00e9couverte tel que configur\u00e9 en 2013 et peuvent donc \u00eatre obsol\u00e8tes. Ces documents ne doivent donc pas \u00eatre utilis\u00e9s pour le catalogage tel que pratiqu\u00e9 actuellement dans Alma. <\/p>\n\n\n\n<p><strong>RDA &amp; Evolution du catalogue (Module 1)<\/strong>&nbsp;:&nbsp;<em>pr\u00e9sentation g\u00e9n\u00e9rale, historique, d\u00e9finitions, mod\u00e8les FRBR, FRAD\u2026<\/em><\/p>\n\n\n\n<div class=\"wp-block-file\"><a id=\"wp-block-file--media-125b9471-f6d4-4cf9-afbe-9351b3be6c5a\" href=\"https:\/\/services.lib.uliege.be\/guide_catalo\/wp-content\/uploads\/2020\/05\/RDA_Module1.pdf\">RDA_Module1<\/a><a href=\"https:\/\/services.lib.uliege.be\/guide_catalo\/wp-content\/uploads\/2020\/05\/RDA_Module1.pdf\" class=\"wp-block-file__button wp-element-button\" download aria-describedby=\"wp-block-file--media-125b9471-f6d4-4cf9-afbe-9351b3be6c5a\">T\u00e9l\u00e9charger<\/a><\/div>\n\n\n\n<p><strong>RDA &amp; Evolution du catalogue (Module 2)<\/strong>&nbsp;: les \u00e9l\u00e9ments concernant les zones Marc21 bibliographiques et les descriptions des manifestations sont int\u00e9gr\u00e9s dans le d\u00e9tail des <a href=\"https:\/\/services.lib.uliege.be\/guide_catalo\/guide-catalogueur-intro\/catalogage-en-marc21\/notices-bibliographiques\/\">zones Marc21<\/a> et ont \u00e9t\u00e9 mis \u00e0 jour.<\/p>\n\n\n\n<div class=\"wp-block-file\"><a id=\"wp-block-file--media-1632fab8-91de-4cd9-9693-860ef9d07ee1\" href=\"https:\/\/services.lib.uliege.be\/guide_catalo\/wp-content\/uploads\/2020\/05\/RDA_Module2.pdf\">RDA_Module2<\/a><a href=\"https:\/\/services.lib.uliege.be\/guide_catalo\/wp-content\/uploads\/2020\/05\/RDA_Module2.pdf\" class=\"wp-block-file__button wp-element-button\" download aria-describedby=\"wp-block-file--media-1632fab8-91de-4cd9-9693-860ef9d07ee1\">T\u00e9l\u00e9charger<\/a><\/div>\n\n\n\n<hr class=\"wp-block-separator has-text-color has-cyan-bluish-gray-color has-alpha-channel-opacity has-cyan-bluish-gray-background-color has-background\"\/>\n\n\n\n<h3 class=\"wp-block-heading\">RDA-FR<\/h3>\n\n\n\n<p>La transposition fran\u00e7aise de RDA, intitul\u00e9 RDA-FR, est en cours de r\u00e9daction. <br>Les parties publi\u00e9es sont accessibles \u00e0 partir du site <a href=\"https:\/\/www.transition-bibliographique.fr\/\" target=\"_blank\" rel=\"noreferrer noopener\">Transition bibliographique<\/a> > onglet <a href=\"https:\/\/www.transition-bibliographique.fr\/rda-fr\/\" target=\"_blank\" rel=\"noreferrer noopener\">RDA-FR<\/a> >> <a href=\"https:\/\/www.transition-bibliographique.fr\/rda-fr\/plan-du-code-rda-fr\/\" target=\"_blank\" rel=\"noreferrer noopener\">Code RDA-FR<\/a>. <br>RDA-FR est d\u00e9sormais publi\u00e9 sous forme de site web ind\u00e9pendant, gratuit, et directement accessible <a href=\"https:\/\/code.rdafr.fr\/\" target=\"_blank\" rel=\"noreferrer noopener\">ici<\/a>.<\/p>\n\n\n\n<p>Les instructions RDA-FR sont \u00e0 privil\u00e9gier pour le catalogage. <\/p>\n\n\n\n<p>Le site permet une navigation simple par entit\u00e9 LRM.<\/p>\n\n\n<div class=\"wp-block-image\">\n<figure class=\"aligncenter size-full is-resized\"><img loading=\"lazy\" decoding=\"async\" width=\"896\" height=\"746\" src=\"https:\/\/services.lib.uliege.be\/guide_catalo\/wp-content\/uploads\/2024\/02\/image.png\" alt=\"\" class=\"wp-image-10471\" style=\"aspect-ratio:1.2010723860589811;width:703px;height:auto\" srcset=\"https:\/\/services.lib.uliege.be\/guide_catalo\/wp-content\/uploads\/2024\/02\/image.png 896w, https:\/\/services.lib.uliege.be\/guide_catalo\/wp-content\/uploads\/2024\/02\/image-300x250.png 300w, https:\/\/services.lib.uliege.be\/guide_catalo\/wp-content\/uploads\/2024\/02\/image-768x639.png 768w\" sizes=\"auto, (max-width: 896px) 100vw, 896px\" \/><figcaption class=\"wp-element-caption\"><em>https:\/\/code.rdafr.fr\/wp-content\/uploads\/2023\/06\/modele-de-description-rda-fr.png (2024-02-28)<\/em><\/figcaption><\/figure><\/div>\n\n\n<hr class=\"wp-block-separator has-text-color has-cyan-bluish-gray-color has-alpha-channel-opacity has-cyan-bluish-gray-background-color has-background\"\/>\n\n\n\n<h3 class=\"wp-block-heading\">RDA Toolkit<\/h3>\n\n\n\n<p>L&rsquo;acc\u00e8s \u00e0 l&rsquo;ensemble des r\u00e8gles Resource Description and Access se fait via le <a rel=\"noreferrer noopener\" href=\"http:\/\/access.rdatoolkit.org\/\" target=\"_blank\">RDA toolkit<\/a>. ULi\u00e8ge Library souscrit un abonnement pour 1 connexion  simultan\u00e9e au toolkit. <\/p>\n\n\n\n<p>Le RDA toolkit n&rsquo;est actuellement disponible qu&rsquo;en anglais. <\/p>\n\n\n\n<p>Les \u00e9nonc\u00e9s de politique (Library of Congress, British Library&#8230;) sont affichables en regard de chaque Entit\u00e9 ou \u00c9l\u00e9ment. Pour la Library of Congress, l&rsquo;\u00e9nonc\u00e9 de politique peut fournir un lien vers la documentation <a href=\"https:\/\/www.loc.gov\/aba\/rda\/mgd\/index.html\" target=\"_blank\" rel=\"noreferrer noopener\">Metadata Guidance<\/a>, qui fournit de nombreuses explications et exemples en Marc21 et en Bibframe.<\/p>\n\n\n\n<p>Le toolkit original (version 2013) est toujours accessible : <a href=\"https:\/\/original.rdatoolkit.org\/\" target=\"_blank\" rel=\"noreferrer noopener\">RDA Toolkit<\/a><\/p>\n\n\n\n<p>Pour obtenir les identifiant \/ mot de passe, contactez les administrateurs syst\u00e8me (P\u00f4le Syst\u00e8mes &amp; Donn\u00e9es).<\/p>\n\n\n\n<hr class=\"wp-block-separator has-text-color has-cyan-bluish-gray-color has-alpha-channel-opacity has-cyan-bluish-gray-background-color has-background\"\/>\n\n\n\n<h3 class=\"wp-block-heading\">Linked data &amp; Alma<\/h3>\n\n\n\n<p>Dans Alma, les donn\u00e9es li\u00e9es sont visibles et exploitables au niveau des r\u00e9sultats de recherche ainsi que dans l\u2019\u00e9diteur de m\u00e9tadonn\u00e9es. <br>Voir la page <a href=\"https:\/\/services.lib.uliege.be\/guide_catalo\/linked-data-alma\/\">Linked data &amp; Alma<\/a>.<\/p>\n\n\n\n<hr class=\"wp-block-separator has-text-color has-cyan-bluish-gray-color has-alpha-channel-opacity has-cyan-bluish-gray-background-color has-background\"\/>\n\n\n\n<h3 class=\"wp-block-heading\">En route vers BIBFRAME<\/h3>\n\n\n\n<p>Pr\u00e9sentation de <a href=\"https:\/\/services.lib.uliege.be\/guide_catalo\/en-route-vers-bibframe\">BIBFRAME<\/a>, mod\u00e8le conceptuel d\u00e9velopp\u00e9 par la Library of Congress et format destin\u00e9 \u00e0 remplacer le Marc21.<\/p>\n\n\n\n<hr class=\"wp-block-separator has-text-color has-cyan-bluish-gray-color has-alpha-channel-opacity has-cyan-bluish-gray-background-color has-background\"\/>\n\n\n\n<h3 class=\"wp-block-heading\">Introduction \u00e0 LRM<\/h3>\n\n\n\n<p>Pr\u00e9sentation du <a href=\"https:\/\/services.lib.uliege.be\/guide_catalo\/lrm-un-modele-entite-relation\/\">mod\u00e8le IFLA-LRM<\/a>, qui consolide les mod\u00e8les FR (FRBR, FRAD, FRSAD) en un mod\u00e8le unique coh\u00e9rent. <\/p>\n\n\n\n<p>Le nouveau toolkit RDA et le code RDA-FR sont conformes au mod\u00e8le IFLA-LRM. <\/p>\n","protected":false},"excerpt":{"rendered":"<p>RDA &amp; \u00e9volution des catalogues en pratique Supports de formation ULi\u00e8ge (mars-avril 2014) Supports des formations consacr\u00e9es \u00e0 l\u2019\u00e9volution du catalogue en mars-avril 2014. Les&hellip;<\/p>\n","protected":false},"author":4,"featured_media":0,"parent":0,"menu_order":0,"comment_status":"closed","ping_status":"closed","template":"","meta":{"footnotes":""},"class_list":["post-5571","page","type-page","status-publish","hentry"],"_links":{"self":[{"href":"https:\/\/services.lib.uliege.be\/guide_catalo\/wp-json\/wp\/v2\/pages\/5571","targetHints":{"allow":["GET"]}}],"collection":[{"href":"https:\/\/services.lib.uliege.be\/guide_catalo\/wp-json\/wp\/v2\/pages"}],"about":[{"href":"https:\/\/services.lib.uliege.be\/guide_catalo\/wp-json\/wp\/v2\/types\/page"}],"author":[{"embeddable":true,"href":"https:\/\/services.lib.uliege.be\/guide_catalo\/wp-json\/wp\/v2\/users\/4"}],"replies":[{"embeddable":true,"href":"https:\/\/services.lib.uliege.be\/guide_catalo\/wp-json\/wp\/v2\/comments?post=5571"}],"version-history":[{"count":45,"href":"https:\/\/services.lib.uliege.be\/guide_catalo\/wp-json\/wp\/v2\/pages\/5571\/revisions"}],"predecessor-version":[{"id":10716,"href":"https:\/\/services.lib.uliege.be\/guide_catalo\/wp-json\/wp\/v2\/pages\/5571\/revisions\/10716"}],"wp:attachment":[{"href":"https:\/\/services.lib.uliege.be\/guide_catalo\/wp-json\/wp\/v2\/media?parent=5571"}],"curies":[{"name":"wp","href":"https:\/\/api.w.org\/{rel}","templated":true}]}}