{"id":6779,"date":"2024-08-02T10:15:11","date_gmt":"2024-08-02T08:15:11","guid":{"rendered":"https:\/\/services.lib.uliege.be\/alma\/?page_id=6779"},"modified":"2024-08-02T10:15:11","modified_gmt":"2024-08-02T08:15:11","slug":"tr_b2-tr_j2-access-denied","status":"publish","type":"page","link":"https:\/\/services.lib.uliege.be\/alma\/e-resources\/statistiques-dusage-counter\/tr_b2-tr_j2-access-denied\/","title":{"rendered":"TR_B2, TR_J2 : Access denied"},"content":{"rendered":"\n<p>Plusieurs rapports COUNTER 5 sont d\u00e9di\u00e9s aux acc\u00e8s refus\u00e9s. Ces rapports nous sont fr\u00e9quemment transmis par les fournisseurs ou \u00e9diteurs, afin de nous inciter \u00e0 l&rsquo;achat de nouvelles ressources, auxquelles nos usagers auraient donc tent\u00e9 d&rsquo;acc\u00e9der. Ces rapports sont \u00e9galement r\u00e9cup\u00e9r\u00e9s de notre c\u00f4t\u00e9 et disponibles dans Analytics. Il s&rsquo;agit des rapports suivants :<\/p>\n\n\n\n<ul class=\"wp-block-list\">\n<li>TR_B2 : Book Access Denied<\/li>\n\n\n\n<li>TR_J2 : Journal Access Denied<\/li>\n\n\n\n<li>DR_D2 : Database Access Denied<\/li>\n<\/ul>\n\n\n\n<p>Ce dernier s&rsquo;av\u00e8re peu utile, dans la mesure o\u00f9 la plupart des bases de donn\u00e9es auxquelles nous ne souscrivons pas ne sont tout simplement pas accessibles \u00e0 nos usagers : elles ne s&rsquo;affichent donc ni dans Primo, ni sur la plateforme du fournisseur. Le rapport est donc peu pertinent.<\/p>\n\n\n\n<p>Les rapports TR_B2 et TR_J2 sont d\u00e9riv\u00e9s du Title Master Report, filtr\u00e9 sur les contenus de type \u00ab\u00a0Book\u00a0\u00bb ou \u00ab\u00a0Journal\u00a0\u00bb et la m\u00e9thode d&rsquo;acc\u00e8s \u00ab\u00a0Regular\u00a0\u00bb.<\/p>\n\n\n\n<h2 class=\"wp-block-heading\">Donn\u00e9es<\/h2>\n\n\n\n<p>Pour chaque titre (de livre ou de revue), une ligne est cr\u00e9\u00e9e par type d&rsquo;acc\u00e8s refus\u00e9 :<\/p>\n\n\n\n<ul class=\"wp-block-list\">\n<li>Limit Exceeded : l\u2019usager s\u2019est connect\u00e9 alors que le nombre d\u2019utilisateurs simultan\u00e9s maximum \u00e9tait atteint. Cela peut \u00eatre le cas pour les e-books achet\u00e9s dans le cadre d\u2019une licence 1 ou 3 utilisateurs\u00a0(simultan\u00e9(s)). Les donn\u00e9es peuvent \u00e9ventuellement orienter l\u2019achat d\u2019un compl\u00e9ment de licence ou d\u2019un second exemplaire num\u00e9rique. Cette ligne n\u2019apparaitra toutefois simplement pas dans les rapports de plateforme qui ne proposent d\u2019embl\u00e9e qu\u2019un acc\u00e8s illimit\u00e9 \u00e0 leurs contenus.<\/li>\n\n\n\n<li>No License : l\u2019institution n\u2019a pas d\u2019abonnement ou n\u2019a pas achet\u00e9 cette ressource. C\u2019est \u00e9videmment le cas le plus fr\u00e9quent et sans doute le plus utile lorsqu\u2019il s\u2019agit d\u2019envisager, \u00e9ventuellement, de nouvelles acquisitions.<\/li>\n<\/ul>\n\n\n\n<h2 class=\"wp-block-heading\">Points d&rsquo;attention<\/h2>\n\n\n\n<p>Ces rapports sont \u00e0 prendre pour ce qu&rsquo;ils sont : <\/p>\n\n\n\n<ul class=\"wp-block-list\">\n<li>Ils ne traduisent pas tout l&rsquo;int\u00e9r\u00eat potentiel de certaines ressources pour nos usagers. Ainsi, certains usagers, bien inform\u00e9s du fait que nous ne disposons pas de ces ressources, n&rsquo;auront m\u00eame pas tent\u00e9 d&rsquo;y acc\u00e9der, malgr\u00e9 un int\u00e9r\u00eat r\u00e9el possible.<\/li>\n\n\n\n<li>A l&rsquo;inverse, ils incluent des tentatives d&rsquo;acc\u00e8s qui ne t\u00e9moignent pas forc\u00e9ment d&rsquo;un int\u00e9r\u00eat r\u00e9el pour le contenu. Exemple: un usager qui cliquerait sur le DOI dans la r\u00e9f\u00e9rence d&rsquo;un article d\u00e9clenche automatiquement le compteur. Toutefois, arriv\u00e9 sur la page de l&rsquo;article, il se rendrait peut-\u00eatre compte, uniquement \u00e0 l&rsquo;aide des m\u00e9tadonn\u00e9es ou du r\u00e9sum\u00e9 que l&rsquo;article ne l&rsquo;int\u00e9resse finalement pas.<\/li>\n\n\n\n<li>Le compteur est \u00e9galement d\u00e9clench\u00e9 pour des tentatives d&rsquo;acc\u00e8s \u00e0 un article sur une plateforme alors que l&rsquo;utilisateur aura finalement (par la suite) trouv\u00e9 le contenu utile via une autre plateforme, via un r\u00e9pertoire institutionnel ou via l&rsquo;un de nos services (PIB, num\u00e9risation \u00e0 la demande de la version papier). <\/li>\n<\/ul>\n","protected":false},"excerpt":{"rendered":"<p>Plusieurs rapports COUNTER 5 sont d\u00e9di\u00e9s aux acc\u00e8s refus\u00e9s. Ces rapports nous sont fr\u00e9quemment transmis par les fournisseurs ou \u00e9diteurs, afin de nous inciter \u00e0 l&rsquo;achat de nouvelles ressources, auxquelles nos usagers auraient donc tent\u00e9 d&rsquo;acc\u00e9der. Ces rapports sont \u00e9galement r\u00e9cup\u00e9r\u00e9s de notre c\u00f4t\u00e9 et disponibles dans Analytics. Il s&rsquo;agit&#8230; <a href=\"https:\/\/services.lib.uliege.be\/alma\/e-resources\/statistiques-dusage-counter\/tr_b2-tr_j2-access-denied\/\" class=\"readmore\">Lire l&#039;int\u00e9gralit\u00e9&#8230;<span class=\"screen-reader-text\">TR_B2, TR_J2 : Access denied<\/span><span class=\"fa fa-angle-double-right\" aria-hidden=\"true\"><\/span><\/a><\/p>\n","protected":false},"author":3,"featured_media":0,"parent":6755,"menu_order":0,"comment_status":"closed","ping_status":"closed","template":"","meta":{"jetpack_post_was_ever_published":false,"footnotes":""},"class_list":["post-6779","page","type-page","status-publish","hentry"],"jetpack_sharing_enabled":true,"jetpack_shortlink":"https:\/\/wp.me\/P7rJUv-1Ll","_links":{"self":[{"href":"https:\/\/services.lib.uliege.be\/alma\/wp-json\/wp\/v2\/pages\/6779","targetHints":{"allow":["GET"]}}],"collection":[{"href":"https:\/\/services.lib.uliege.be\/alma\/wp-json\/wp\/v2\/pages"}],"about":[{"href":"https:\/\/services.lib.uliege.be\/alma\/wp-json\/wp\/v2\/types\/page"}],"author":[{"embeddable":true,"href":"https:\/\/services.lib.uliege.be\/alma\/wp-json\/wp\/v2\/users\/3"}],"replies":[{"embeddable":true,"href":"https:\/\/services.lib.uliege.be\/alma\/wp-json\/wp\/v2\/comments?post=6779"}],"version-history":[{"count":1,"href":"https:\/\/services.lib.uliege.be\/alma\/wp-json\/wp\/v2\/pages\/6779\/revisions"}],"predecessor-version":[{"id":6780,"href":"https:\/\/services.lib.uliege.be\/alma\/wp-json\/wp\/v2\/pages\/6779\/revisions\/6780"}],"up":[{"embeddable":true,"href":"https:\/\/services.lib.uliege.be\/alma\/wp-json\/wp\/v2\/pages\/6755"}],"wp:attachment":[{"href":"https:\/\/services.lib.uliege.be\/alma\/wp-json\/wp\/v2\/media?parent=6779"}],"curies":[{"name":"wp","href":"https:\/\/api.w.org\/{rel}","templated":true}]}}