{"id":6766,"date":"2024-08-02T08:52:38","date_gmt":"2024-08-02T06:52:38","guid":{"rendered":"https:\/\/services.lib.uliege.be\/alma\/?page_id=6766"},"modified":"2024-08-02T08:53:01","modified_gmt":"2024-08-02T06:53:01","slug":"tr_b1-book-requests-excluding-oa_gold","status":"publish","type":"page","link":"https:\/\/services.lib.uliege.be\/alma\/e-resources\/statistiques-dusage-counter\/tr_b1-book-requests-excluding-oa_gold\/","title":{"rendered":"TR_B1 : Book Requests (Excluding OA_Gold)"},"content":{"rendered":"\n<p>Dans la norme COUNTER5, ce rapport est pr\u00e9sent\u00e9 comme le nouveau rapport standard pour \u00e9valuer l\u2019usage des e-books. Comme le <a href=\"https:\/\/services.lib.uliege.be\/alma\/e-resources\/statistiques-dusage-counter\/tr_j1-journal-requests-excluding-oa-gold\/\" data-type=\"page\" data-id=\"6764\">TR_J1<\/a>, il pr\u00e9sente une diff\u00e9rence importante avec son pr\u00e9d\u00e9cesseur\u00a0(BR2) : tous les t\u00e9l\u00e9chargements ou acc\u00e8s \u00e0 des chapitres en Gold Open Access sont exclus des statistiques. Les chiffres sont jug\u00e9s d\u00e8s lors plus fid\u00e8les lorsqu\u2019il s\u2019agit d\u2019\u00e9valuer l\u2019usage de ce pour quoi on paie. Ils sont naturellement inf\u00e9rieurs aux chiffres de l\u2019ancien BR2.<\/p>\n\n\n\n<p>Par ailleurs, une autre diff\u00e9rence rend ce rapport difficilement comparable \u00e0 l&rsquo;ancien BR2. Dans le BR2, le t\u00e9l\u00e9chargement d\u2019un livre complet ajoutait dans les donn\u00e9es autant de t\u00e9l\u00e9chargements que de chapitres ou sections de ce livre. Par exemple\u00a0: si un usager t\u00e9l\u00e9chargeait le PDF complet d\u2019un e-book Springer comptant 22 chapitres, le rapport BR2 ajoutait \u00ab\u00a022\u00a0\u00bb dans les donn\u00e9es du mois en cours. Cela pouvait donner une fausse impression de t\u00e9l\u00e9chargements \u00e9lev\u00e9s, surtout sur les plateformes o\u00f9 le bouton permettant le t\u00e9l\u00e9chargement complet du livre est mis particuli\u00e8rement en \u00e9vidence.<\/p>\n\n\n\n<p>Ce rapport standard constitue un rapport d\u00e9riv\u00e9 du \u00ab&nbsp;Title Master Report&nbsp;\u00bb, filtr\u00e9 sur plusieurs \u00e9l\u00e9ments&nbsp;:<\/p>\n\n\n\n<ul class=\"wp-block-list\">\n<li>Data Type = Book ;<\/li>\n\n\n\n<li>Access Type = Controlled (vs. \u00ab&nbsp;OA&nbsp;\u00bb).<\/li>\n\n\n\n<li>Access Method = Regular.<\/li>\n<\/ul>\n\n\n\n<p>Le rapport int\u00e8gre d\u2019embl\u00e9e la donn\u00e9e \u00ab&nbsp;Ann\u00e9e de publication&nbsp;\u00bb pour chaque ouvrage.<\/p>\n\n\n\n<h2 class=\"wp-block-heading\">Donn\u00e9es<\/h2>\n\n\n\n<p>Le nouveau TR_B1 r\u00e9sout ce probl\u00e8me en fournissant deux donn\u00e9es pour chaque titre&nbsp;:<\/p>\n\n\n\n<ul class=\"wp-block-list\">\n<li><strong>Total Item Requests<\/strong>\u00a0: le nombre de fois qu\u2019un usager a vu ou t\u00e9l\u00e9charg\u00e9 un \u00e9l\u00e9ment de contenu (chapitre, section) d\u2019un e-book. Ce chiffre est comparable aux anciennes donn\u00e9es BR2, \u00e0 ceci pr\u00e8s que les acc\u00e8s aux contenus en Open Access en sont exclus. Le chiffre est forc\u00e9ment tr\u00e8s d\u00e9pendant de la mani\u00e8re dont la plateforme propose l\u2019acc\u00e8s aux e-books (volume complet directement ou mis en \u00e9vidence vs. acc\u00e8s prioritairement aux chapitres). Le t\u00e9l\u00e9chargement d\u2019un livre complet d\u00e9clenche, comme dans le BR2, autant d&rsquo;usage que le total de ses chapitres\/sections.<\/li>\n\n\n\n<li><strong>Unique Title Requests<\/strong>\u00a0: cette nouvelle donn\u00e9e vise \u00e0 donner un chiffre comparable d\u2019usage, quelles que soient les fonctionnalit\u00e9s ou la structure d\u2019une plateforme. Il fournit le nombre de <strong>titres uniques <\/strong>demand\u00e9s (lus ou t\u00e9l\u00e9charg\u00e9s) <strong>par session d\u2019utilisateur<\/strong>. Si un usager t\u00e9l\u00e9charge un ouvrage complet, le compte est 1. S\u2019il t\u00e9l\u00e9charge 1 chapitre, le compte est 1. S\u2019il t\u00e9l\u00e9charge 3 chapitres du m\u00eame ouvrage, le compte demeure 1. La donn\u00e9e, plus fiable, est \u00e0 voir comme un \u00ab\u00a0minimum\u00a0\u00bb d&rsquo;usage d&rsquo;un ouvrage.<\/li>\n<\/ul>\n\n\n\n<p>Pour l&rsquo;analyse d&rsquo;usage des e-books, les \u00ab\u00a0Unique Title Requests\u00a0\u00bb sont recommand\u00e9s. <\/p>\n\n\n\n<h2 class=\"wp-block-heading\">Points d&rsquo;attention<\/h2>\n\n\n\n<ul class=\"wp-block-list\">\n<li>Le rapport TR_B1, en raison de l\u2019exclusion des usages de contenus en Open Access, n\u2019est pas indiqu\u00e9 s\u2019il faut \u00e9valuer l\u2019usage de plateformes dont les contenus sont majoritairement gratuits ou en Open Access. Cela peut \u00eatre le cas de plateformes auxquelles nous souscrivons davantage sous la forme d\u2019un partenariat ou pour soutenir des initiatives en Open Access (mod\u00e8les <em>Freemium <\/em>ou S2O). L&rsquo;utilisation du rapport TR_B3 est alors \u00e0 privil\u00e9gier.<\/li>\n\n\n\n<li>Le chiffre obtenu pour chaque mois est \u00e0 voir comme un minimum : \u00ab\u00a0il y a au moins un \u00e9l\u00e9ment de contenu de cet ouvrage qui a \u00e9t\u00e9 consult\u00e9 ou t\u00e9l\u00e9charg\u00e9 lors d&rsquo;autant de sessions utilisateurs\u00a0\u00bb. Le t\u00e9l\u00e9chargement d&rsquo;un chapitre seul est en effet consid\u00e9r\u00e9 pareillement que le t\u00e9l\u00e9chargement du livre dans son ensemble (mais \u00e0 l&rsquo;inverse, les personnes qui t\u00e9l\u00e9chargent un e-book complet en lisent rarement l&rsquo;ensemble des chapitres).<\/li>\n\n\n\n<li>Comme le TR_J1, le TR_B1 inclut les usages de l&rsquo;ensemble des titres sur une m\u00eame plateforme. Si votre analyse porte sur une collection ou sous-collection particuli\u00e8re, il faudra donc croiser ces donn\u00e9es avec la liste de titres obtenue du fournisseur afin de cibler l&rsquo;usage r\u00e9el de cette collection uniquement (les colonnes ISBN, e-ISBN ou DOI peuvent \u00eatre utilis\u00e9es \u00e0 cette fin).<\/li>\n<\/ul>\n","protected":false},"excerpt":{"rendered":"<p>Dans la norme COUNTER5, ce rapport est pr\u00e9sent\u00e9 comme le nouveau rapport standard pour \u00e9valuer l\u2019usage des e-books. Comme le TR_J1, il pr\u00e9sente une diff\u00e9rence importante avec son pr\u00e9d\u00e9cesseur\u00a0(BR2) : tous les t\u00e9l\u00e9chargements ou acc\u00e8s \u00e0 des chapitres en Gold Open Access sont exclus des statistiques. Les chiffres sont jug\u00e9s&#8230; <a href=\"https:\/\/services.lib.uliege.be\/alma\/e-resources\/statistiques-dusage-counter\/tr_b1-book-requests-excluding-oa_gold\/\" class=\"readmore\">Lire l&#039;int\u00e9gralit\u00e9&#8230;<span class=\"screen-reader-text\">TR_B1 : Book Requests (Excluding OA_Gold)<\/span><span class=\"fa fa-angle-double-right\" aria-hidden=\"true\"><\/span><\/a><\/p>\n","protected":false},"author":3,"featured_media":0,"parent":6755,"menu_order":0,"comment_status":"closed","ping_status":"closed","template":"","meta":{"jetpack_post_was_ever_published":false,"footnotes":""},"class_list":["post-6766","page","type-page","status-publish","hentry"],"jetpack_sharing_enabled":true,"jetpack_shortlink":"https:\/\/wp.me\/P7rJUv-1L8","_links":{"self":[{"href":"https:\/\/services.lib.uliege.be\/alma\/wp-json\/wp\/v2\/pages\/6766","targetHints":{"allow":["GET"]}}],"collection":[{"href":"https:\/\/services.lib.uliege.be\/alma\/wp-json\/wp\/v2\/pages"}],"about":[{"href":"https:\/\/services.lib.uliege.be\/alma\/wp-json\/wp\/v2\/types\/page"}],"author":[{"embeddable":true,"href":"https:\/\/services.lib.uliege.be\/alma\/wp-json\/wp\/v2\/users\/3"}],"replies":[{"embeddable":true,"href":"https:\/\/services.lib.uliege.be\/alma\/wp-json\/wp\/v2\/comments?post=6766"}],"version-history":[{"count":2,"href":"https:\/\/services.lib.uliege.be\/alma\/wp-json\/wp\/v2\/pages\/6766\/revisions"}],"predecessor-version":[{"id":6768,"href":"https:\/\/services.lib.uliege.be\/alma\/wp-json\/wp\/v2\/pages\/6766\/revisions\/6768"}],"up":[{"embeddable":true,"href":"https:\/\/services.lib.uliege.be\/alma\/wp-json\/wp\/v2\/pages\/6755"}],"wp:attachment":[{"href":"https:\/\/services.lib.uliege.be\/alma\/wp-json\/wp\/v2\/media?parent=6766"}],"curies":[{"name":"wp","href":"https:\/\/api.w.org\/{rel}","templated":true}]}}