{"id":6328,"date":"2022-07-15T09:29:02","date_gmt":"2022-07-15T07:29:02","guid":{"rendered":"https:\/\/app.lib.uliege.be\/alma\/?page_id=6328"},"modified":"2022-07-15T09:30:23","modified_gmt":"2022-07-15T07:30:23","slug":"4-2-les-packages-centraux-debooks","status":"publish","type":"page","link":"https:\/\/services.lib.uliege.be\/alma\/ebooks\/4-2-les-packages-centraux-debooks\/","title":{"rendered":"4.2. Les packages centraux d\u2019eBooks\u00a0"},"content":{"rendered":"\n<p>La biblioth\u00e8que a depuis plusieurs ann\u00e9es quelques contrats centraux avec diff\u00e9rents agr\u00e9gateurs\/\u00e9diteurs qui ouvrent des acc\u00e8s \u00e0 de larges collections th\u00e9matiques pluridisciplinaires comportant des options de p\u00e9rennisation de titres.<\/p>\n\n\n\n<p>Afin de ne pas acheter en cours d\u2019ann\u00e9e un titre qui sera ult\u00e9rieurement activ\u00e9 de mani\u00e8re p\u00e9renne dans le cadre d\u2019un accord d\u00e9j\u00e0 pass\u00e9 avec l\u2019\u00e9diteur, nous revenons ici sur les packages centraux d\u2019EBooks auxquels nous souscrivons chez&nbsp;:<\/p>\n\n\n\n<ol class=\"wp-block-list\"><li>Springer<\/li><li>Elsevier<\/li><li>Cambridge University Press<\/li><\/ol>\n\n\n\n<p>Pour chacun de ces contrats est pr\u00e9cis\u00e9&nbsp;:<\/p>\n\n\n\n<ul class=\"wp-block-list\"><li>Ce qui est\/sera p\u00e9rennis\u00e9<\/li><li>Dans quel cas pr\u00e9cis (ne pas) acheter un livre \u00e0 la pi\u00e8ce chez l\u2019\u00e9diteur<\/li><\/ul>\n\n\n\n<p>Cette liste \u00e9tant amen\u00e9e \u00e0 \u00e9voluer, nous vous invitons \u00e0 la consulter r\u00e9guli\u00e8rement.<\/p>\n\n\n\n<h3 class=\"wp-block-heading\">1. Springer eBooks<\/h3>\n\n\n\n<p>Chez cet \u00e9diteur, le montant pay\u00e9 annuellement couvre l\u2019acquisition p\u00e9renne de tous les ouvrages publi\u00e9s durant l\u2019ann\u00e9e d\u2019abonnement, dans la collection couverte par le contrat. Les livres achet\u00e9s remontent, pour certains, jusqu\u2019en 1997. Au total, cela repr\u00e9sente aujourd\u2019hui plus de 100.000 ouvrages achet\u00e9s.<\/p>\n\n\n\n<h4 class=\"wp-block-heading\">Qu\u2019est-ce qui a \u00e9t\u00e9 p\u00e9rennis\u00e9&nbsp;? &nbsp;<\/h4>\n\n\n\n<ul class=\"wp-block-list\"><li>De 1997 \u00e0 2014&nbsp;: tous les ebooks de la collection \u00ab&nbsp;English\/International&nbsp;\u00bb chez l\u2019\u00e9diteur&nbsp;;<\/li><li>De 2015 \u00e0 2021&nbsp;: tous les ebooks de 14 collections th\u00e9matiques chez l\u2019\u00e9diteur &#8211; Behavioral science &amp; Psychology, Biomedicine &amp; Life Sciences, Business &amp; Management, Chemistry &amp; Materials Science, Computer Science, Earth &amp; Environmental Sciences, Education, Energy, Engineering, Mathematics &amp; Statistics, Medicine, Physics &amp; Astronomy, Professional &amp; Applied Computing. Ces contenus couvrent l\u2019ensemble de la collection \u00ab&nbsp;English\/International&nbsp;\u00bb, hors collections en sciences humaines li\u00e9es \u00e0 la fusion avec Palgrave McMillan.<\/li><li>A partir de 2022&nbsp;: tous les ebooks de la collection \u00ab&nbsp;English\/International&nbsp;\u00bb chez l\u2019\u00e9diteur, incluant 21 collections th\u00e9matiques (les 14 pr\u00e9c\u00e9dentes ainsi que 7 en sciences humaines et sociales). \u2013 Behavioral Science &amp; Psychology&nbsp;; Biomedical &amp; Life Science&nbsp;; Business &amp; Management&nbsp;; Chemistry &amp; Materials Science&nbsp;; Computer Science&nbsp;; Earth &amp; Environmental Science&nbsp;; <strong>Economics &amp; Finance<\/strong>&nbsp;; Education&nbsp;; Energy&nbsp;; Engineering&nbsp;; <strong>History<\/strong>&nbsp;; Intelligent Technologies &amp; Robotics&nbsp;; <strong>Law &amp; Criminology<\/strong>&nbsp;; <strong>Literature, Cultural &amp; Media Studies<\/strong>&nbsp;; Mathematics &amp; Statistics&nbsp;; Medicine&nbsp;; <strong>Philosophy &amp; Religion<\/strong>&nbsp;; Physics &amp; Astronomy&nbsp;; <strong>Political Science &amp; International Studies<\/strong>&nbsp;; Professional &amp; Applied Computing&nbsp;; <strong>Social Sciences<\/strong>.<\/li><\/ul>\n\n\n\n<h4 class=\"wp-block-heading\">Devons-nous acheter un livre&nbsp;\u00e0 la pi\u00e8ce chez l\u2019\u00e9diteur ?<\/h4>\n\n\n\n<ul class=\"wp-block-list\"><li>Si l\u2019ouvrage est ant\u00e9rieur \u00e0 l\u2019ann\u00e9e en cours, qu\u2019il est activ\u00e9 dans Alma\/Primo et qu\u2019il est accessible sur le site de l\u2019\u00e9diteur (<a href=\"https:\/\/link.springer.com\">https:\/\/link.springer.com<\/a>)&nbsp;: non, soit il est accessible en Open Access, soit il a fait l\u2019objet d\u2019un des contrats pr\u00e9c\u00e9dents et son acquisition est p\u00e9renne.<\/li><li>Si l\u2019ouvrage est ant\u00e9rieur \u00e0 l\u2019ann\u00e9e en cours, mais il n\u2019est ni activ\u00e9 dans Alma\/Primo, ni sur le site de l\u2019\u00e9diteur&nbsp;: oui, vous pouvez envisager son achat \u00e0 la pi\u00e8ce, il fait probablement partie d\u2019une collection th\u00e9matique non couverte par un ancien contrat.<\/li><li>Si l\u2019ouvrage est publi\u00e9 cette ann\u00e9e ou dans le futur&nbsp;: s\u2019il fait partie d\u2019une des 21 collections th\u00e9matiques, il sera activ\u00e9 dans Alma\/Primo d\u00e8s que Springer activera l\u2019acc\u00e8s sur son site. Il est inutile de l\u2019acheter, il est d\u00e9j\u00e0 couvert par le contrat. S\u2019il fait partie d\u2019une autre collection (par ex. \u00ab&nbsp;Springer Protocols&nbsp;\u00bb), il peut \u00eatre achet\u00e9 \u00e0 la pi\u00e8ce.<\/li><\/ul>\n\n\n\n<h4 class=\"wp-block-heading\">Comment rep\u00e9rer la collection d\u2019un ebook Springer&nbsp;?<\/h4>\n\n\n\n<p>Sur la page de l\u2019ebook sur le site \u00e9diteur (par exemple&nbsp;: <a href=\"https:\/\/link.springer.com\/book\/10.1007\/978-981-33-4268-2\">https:\/\/link.springer.com\/book\/10.1007\/978-981-33-4268-2<\/a>), se rendre en bas de page dans le pav\u00e9 \u00ab&nbsp;Bibliographic Information&nbsp;\u00bb. L\u00e0, on retrouve un champ \u00ab&nbsp;eBook Packages&nbsp;\u00bb qui contient l\u2019information de la collection \u00e0 laquelle l\u2019ouvrage appartient (dans l\u2019exemple&nbsp;: \u00ab&nbsp;Economics and Finance&nbsp;\u00bb =&gt; couvert par le contrat).<\/p>\n\n\n<div class=\"wp-block-image\">\n<figure class=\"aligncenter size-full\"><img loading=\"lazy\" decoding=\"async\" width=\"450\" height=\"357\" src=\"https:\/\/services.lib.uliege.be\/alma\/wp-content\/uploads\/2022\/07\/ebbokspringer.jpg\" alt=\"\" class=\"wp-image-6330\" srcset=\"https:\/\/services.lib.uliege.be\/alma\/wp-content\/uploads\/2022\/07\/ebbokspringer.jpg 450w, https:\/\/services.lib.uliege.be\/alma\/wp-content\/uploads\/2022\/07\/ebbokspringer-300x238.jpg 300w\" sizes=\"auto, (max-width: 450px) 100vw, 450px\" \/><\/figure>\n<\/div>\n\n\n<h3 class=\"wp-block-heading\">2. Elsevier eBooks<\/h3>\n\n\n\n<h4 class=\"wp-block-heading\">Freedom Collection<\/h4>\n\n\n\n<p>Chez Elsevier, le mod\u00e8le commercial est celui de l\u2019EBA. Pendant toute la dur\u00e9e du contrat, l\u2019\u00e9diteur ouvre les acc\u00e8s \u00e0 une collection compl\u00e8te d\u2019ebooks. A la fin de chaque ann\u00e9e, la biblioth\u00e8que s\u00e9lectionne dans cet ensemble un certain nombre de titres \u00e0 p\u00e9renniser, pour la valeur du contrat.<\/p>\n\n\n\n<h5 class=\"wp-block-heading\">Qu\u2019est-ce qui a \u00e9t\u00e9 p\u00e9rennis\u00e9&nbsp;?<\/h5>\n\n\n\n<p>Le choix \u00e9tant libre pour la biblioth\u00e8que en fin de contrat, nous avons plusieurs listes successives de titres qui ont \u00e9t\u00e9 p\u00e9rennis\u00e9s chez l\u2019\u00e9diteur, depuis 2012 (les ann\u00e9es de publication pouvant, elles, \u00eatre plus anciennes). Pour plus de clart\u00e9, les portfolios \u00ab&nbsp;p\u00e9rennes&nbsp;\u00bb ont fait l\u2019objet de l\u2019ajout d\u2019une note interne, dans Alma. Comme ceci&nbsp;:<\/p>\n\n\n<div class=\"wp-block-image\">\n<figure class=\"aligncenter size-full\"><img loading=\"lazy\" decoding=\"async\" width=\"605\" height=\"395\" src=\"https:\/\/services.lib.uliege.be\/alma\/wp-content\/uploads\/2022\/07\/elsevier_portfolio.jpg\" alt=\"\" class=\"wp-image-6331\" srcset=\"https:\/\/services.lib.uliege.be\/alma\/wp-content\/uploads\/2022\/07\/elsevier_portfolio.jpg 605w, https:\/\/services.lib.uliege.be\/alma\/wp-content\/uploads\/2022\/07\/elsevier_portfolio-300x196.jpg 300w\" sizes=\"auto, (max-width: 605px) 100vw, 605px\" \/><\/figure>\n<\/div>\n\n\n<p>Lorsque vous cliquez sur l\u2019ic\u00f4ne de note, vous obtiendrez l\u2019information&nbsp;:<\/p>\n\n\n<div class=\"wp-block-image\">\n<figure class=\"aligncenter size-full\"><img loading=\"lazy\" decoding=\"async\" width=\"479\" height=\"89\" src=\"https:\/\/services.lib.uliege.be\/alma\/wp-content\/uploads\/2022\/07\/elsevier-perenne.jpg\" alt=\"\" class=\"wp-image-6332\" srcset=\"https:\/\/services.lib.uliege.be\/alma\/wp-content\/uploads\/2022\/07\/elsevier-perenne.jpg 479w, https:\/\/services.lib.uliege.be\/alma\/wp-content\/uploads\/2022\/07\/elsevier-perenne-300x56.jpg 300w\" sizes=\"auto, (max-width: 479px) 100vw, 479px\" \/><\/figure>\n<\/div>\n\n\n<h5 class=\"wp-block-heading\">Devons-nous acheter un livre&nbsp;\u00e0 la pi\u00e8ce chez l\u2019\u00e9diteur ?<\/h5>\n\n\n\n<p>Si l\u2019ouvrage n\u2019a pas \u00e9t\u00e9 p\u00e9rennis\u00e9, et n\u2019est pas accessible sur la plateforme depuis l\u2019Universit\u00e9, vous pouvez demander un devis \u00e0 l\u2019\u00e9diteur.<\/p>\n\n\n\n<p>S\u2019il n\u2019est pas p\u00e9renne mais est accessible (dans Alma et sur la plateforme), il peut \u00eatre int\u00e9ressant d\u2019attendre la fin du contrat pour le p\u00e9renniser, dans le cadre de ce dernier. Vous aurez ainsi la possibilit\u00e9 de le faire en vous basant sur les statistiques d\u2019usage.<\/p>\n\n\n\n<h4 class=\"wp-block-heading\">Masson French Health Sciences Collection<\/h4>\n\n\n\n<p>En plus de sa collection principale, Elsevier commercialise une s\u00e9rie de collections d\u2019ebooks compl\u00e9mentaires. Parmi celles-ci, chaque ann\u00e9e, est commercialis\u00e9e une collection \u00ab&nbsp;Masson French Health Sciences&nbsp;\u00bb. Elle est propos\u00e9e \u00e0 l\u2019achat sous forme d\u2019un ensemble de titres publi\u00e9s une certaine ann\u00e9e. Vous pouvez par exemple demander \u00e0 l\u2019\u00e9diteur d\u2019acheter la collection Masson \u00ab&nbsp;2021&nbsp;\u00bb. A ce jour, les collections 2016, 2017, 2018, 2019, 2020 et 2021 ont \u00e9t\u00e9 achet\u00e9es pour notre institution.<\/p>\n\n\n\n<h5 class=\"wp-block-heading\">Qu\u2019est-ce qui a \u00e9t\u00e9 p\u00e9rennis\u00e9&nbsp;?<\/h5>\n\n\n\n<p>Tous les titres des collections annuelles achet\u00e9es (ci-dessus) sont p\u00e9rennes. Dans Alma, ils se rep\u00e8rent \u00e0 la ligne de commande cr\u00e9\u00e9e au niveau de chaque portfolio.<\/p>\n\n\n<div class=\"wp-block-image\">\n<figure class=\"aligncenter size-full\"><img loading=\"lazy\" decoding=\"async\" width=\"605\" height=\"311\" src=\"https:\/\/services.lib.uliege.be\/alma\/wp-content\/uploads\/2022\/07\/elsevier_masson_1.jpg\" alt=\"\" class=\"wp-image-6333\" srcset=\"https:\/\/services.lib.uliege.be\/alma\/wp-content\/uploads\/2022\/07\/elsevier_masson_1.jpg 605w, https:\/\/services.lib.uliege.be\/alma\/wp-content\/uploads\/2022\/07\/elsevier_masson_1-300x154.jpg 300w\" sizes=\"auto, (max-width: 605px) 100vw, 605px\" \/><\/figure>\n<\/div>\n\n\n<p>Un clic \u00e0 ce niveau m\u00e8ne \u00e0 la ligne de commande pour la collection annuelle&nbsp;: <\/p>\n\n\n<div class=\"wp-block-image\">\n<figure class=\"aligncenter size-full\"><img loading=\"lazy\" decoding=\"async\" width=\"482\" height=\"205\" src=\"https:\/\/services.lib.uliege.be\/alma\/wp-content\/uploads\/2022\/07\/elsevier_masson_2.jpg\" alt=\"\" class=\"wp-image-6334\" srcset=\"https:\/\/services.lib.uliege.be\/alma\/wp-content\/uploads\/2022\/07\/elsevier_masson_2.jpg 482w, https:\/\/services.lib.uliege.be\/alma\/wp-content\/uploads\/2022\/07\/elsevier_masson_2-300x128.jpg 300w\" sizes=\"auto, (max-width: 482px) 100vw, 482px\" \/><\/figure>\n<\/div>\n\n\n<h5 class=\"wp-block-heading\">Devons-nous acheter un livre&nbsp;\u00e0 la pi\u00e8ce dans ces collections Masson&nbsp;?<\/h5>\n\n\n\n<p>Non, l\u2019\u00e9diteur ne propose pas ces ouvrages en achat \u00e0 la pi\u00e8ce. De plus, la biblioth\u00e8que se pose annuellement la question de l\u2019int\u00e9r\u00eat potentiel de la nouvelle collection.<\/p>\n\n\n\n<h3 class=\"wp-block-heading\">3. Cambridge University Press<\/h3>\n\n\n\n<p>Depuis 2022, ULi\u00e8ge Library a souscrit \u00e0 un mod\u00e8le EBA avec l\u2019\u00e9diteur, pour trois composants&nbsp;:<\/p>\n\n\n\n<ul class=\"wp-block-list\"><li>Cambridge eBooks Complete Collection<\/li><li>Cambridge Histories<\/li><li>Cambridge Companions.<\/li><\/ul>\n\n\n\n<p>L\u2019\u00e9diteur a donc ouvert les acc\u00e8s \u00e0 tous les ebooks inclus dans ces trois collections (soit un peu plus de 45.000 titres) sur sa plateforme. A la fin de l\u2019ann\u00e9e, nous pourrons choisir des titres \u00e0 p\u00e9renniser pour la valeur totale de l\u2019abonnement. Si nous arr\u00eatons l\u2019abonnement, nous conserverons uniquement l\u2019acc\u00e8s \u00e0 ces titres p\u00e9rennis\u00e9s. Si nous poursuivons, nous pourrons p\u00e9renniser chaque ann\u00e9e de nouveaux titres sur le m\u00eame principe.<\/p>\n\n\n\n<h4 class=\"wp-block-heading\">Qu\u2019est-ce qui a \u00e9t\u00e9 p\u00e9rennis\u00e9&nbsp;?<\/h4>\n\n\n\n<p>Pour l\u2019instant, seuls les titres achet\u00e9s \u00e0 la pi\u00e8ce chez l\u2019\u00e9diteur les ann\u00e9es pr\u00e9c\u00e9dentes sont p\u00e9rennes. Ils sont identifiables dans Alma gr\u00e2ce \u00e0 la POL appliqu\u00e9e au niveau de chaque portfolio concern\u00e9 (dans la collection Cambridge eBooks)&nbsp;:<\/p>\n\n\n<div class=\"wp-block-image\">\n<figure class=\"aligncenter size-full\"><img loading=\"lazy\" decoding=\"async\" width=\"605\" height=\"199\" src=\"https:\/\/services.lib.uliege.be\/alma\/wp-content\/uploads\/2022\/07\/ebook_cambridge.jpg\" alt=\"\" class=\"wp-image-6335\" srcset=\"https:\/\/services.lib.uliege.be\/alma\/wp-content\/uploads\/2022\/07\/ebook_cambridge.jpg 605w, https:\/\/services.lib.uliege.be\/alma\/wp-content\/uploads\/2022\/07\/ebook_cambridge-300x99.jpg 300w\" sizes=\"auto, (max-width: 605px) 100vw, 605px\" \/><\/figure>\n<\/div>\n\n\n<p>Aucun titre n\u2019a encore \u00e9t\u00e9 p\u00e9rennis\u00e9 dans les contenus ouverts avec le mod\u00e8le EBA.<\/p>\n\n\n\n<h4 class=\"wp-block-heading\">Devons-nous acheter un livre&nbsp;\u00e0 la pi\u00e8ce aupr\u00e8s de l\u2019\u00e9diteur&nbsp;?<\/h4>\n\n\n\n<p>Si l\u2019ebook fait partie des trois collections couvertes par le mod\u00e8le EBA, il ne faut pas l\u2019acheter \u00e0 la pi\u00e8ce aupr\u00e8s de l\u2019\u00e9diteur. Autant attendre la fin de l\u2019ann\u00e9e pour le s\u00e9lectionner parmi les titres \u00e0 p\u00e9renniser.<\/p>\n","protected":false},"excerpt":{"rendered":"<p>La biblioth\u00e8que a depuis plusieurs ann\u00e9es quelques contrats centraux avec diff\u00e9rents agr\u00e9gateurs\/\u00e9diteurs qui ouvrent des acc\u00e8s \u00e0 de larges collections th\u00e9matiques pluridisciplinaires comportant des options de p\u00e9rennisation de titres. Afin de ne pas acheter en cours d\u2019ann\u00e9e un titre qui sera ult\u00e9rieurement activ\u00e9 de mani\u00e8re p\u00e9renne dans le cadre d\u2019un&#8230; <a href=\"https:\/\/services.lib.uliege.be\/alma\/ebooks\/4-2-les-packages-centraux-debooks\/\" class=\"readmore\">Lire l&#039;int\u00e9gralit\u00e9&#8230;<span class=\"screen-reader-text\">4.2. Les packages centraux d\u2019eBooks\u00a0<\/span><span class=\"fa fa-angle-double-right\" aria-hidden=\"true\"><\/span><\/a><\/p>\n","protected":false},"author":5,"featured_media":0,"parent":5837,"menu_order":5,"comment_status":"closed","ping_status":"closed","template":"","meta":{"jetpack_post_was_ever_published":false,"footnotes":""},"class_list":["post-6328","page","type-page","status-publish","hentry"],"jetpack_sharing_enabled":true,"jetpack_shortlink":"https:\/\/wp.me\/P7rJUv-1E4","_links":{"self":[{"href":"https:\/\/services.lib.uliege.be\/alma\/wp-json\/wp\/v2\/pages\/6328","targetHints":{"allow":["GET"]}}],"collection":[{"href":"https:\/\/services.lib.uliege.be\/alma\/wp-json\/wp\/v2\/pages"}],"about":[{"href":"https:\/\/services.lib.uliege.be\/alma\/wp-json\/wp\/v2\/types\/page"}],"author":[{"embeddable":true,"href":"https:\/\/services.lib.uliege.be\/alma\/wp-json\/wp\/v2\/users\/5"}],"replies":[{"embeddable":true,"href":"https:\/\/services.lib.uliege.be\/alma\/wp-json\/wp\/v2\/comments?post=6328"}],"version-history":[{"count":3,"href":"https:\/\/services.lib.uliege.be\/alma\/wp-json\/wp\/v2\/pages\/6328\/revisions"}],"predecessor-version":[{"id":6338,"href":"https:\/\/services.lib.uliege.be\/alma\/wp-json\/wp\/v2\/pages\/6328\/revisions\/6338"}],"up":[{"embeddable":true,"href":"https:\/\/services.lib.uliege.be\/alma\/wp-json\/wp\/v2\/pages\/5837"}],"wp:attachment":[{"href":"https:\/\/services.lib.uliege.be\/alma\/wp-json\/wp\/v2\/media?parent=6328"}],"curies":[{"name":"wp","href":"https:\/\/api.w.org\/{rel}","templated":true}]}}