{"id":5688,"date":"2020-10-05T14:25:36","date_gmt":"2020-10-05T12:25:36","guid":{"rendered":"http:\/\/app.lib.uliege.be\/alma\/?page_id=5688"},"modified":"2022-09-30T15:27:47","modified_gmt":"2022-09-30T13:27:47","slug":"envoyer-vers","status":"publish","type":"page","link":"https:\/\/services.lib.uliege.be\/alma\/primo-ve\/affichage-et-navigation\/full-record-services\/envoyer-vers\/","title":{"rendered":"Envoyer vers"},"content":{"rendered":"\n<p>La section <strong>Envoyer vers<\/strong> propose toutes les fonctionnalit\u00e9s d&rsquo;export et d&rsquo;envoi configur\u00e9es : <\/p>\n\n\n\n<figure class=\"wp-block-image size-full is-resized\"><img loading=\"lazy\" decoding=\"async\" src=\"https:\/\/services.lib.uliege.be\/alma\/wp-content\/uploads\/2022\/09\/image-11.png\" alt=\"\" class=\"wp-image-6411\" width=\"840\" height=\"139\" srcset=\"https:\/\/services.lib.uliege.be\/alma\/wp-content\/uploads\/2022\/09\/image-11.png 868w, https:\/\/services.lib.uliege.be\/alma\/wp-content\/uploads\/2022\/09\/image-11-300x50.png 300w, https:\/\/services.lib.uliege.be\/alma\/wp-content\/uploads\/2022\/09\/image-11-768x127.png 768w\" sizes=\"auto, (max-width: 840px) 100vw, 840px\" \/><\/figure>\n\n\n\n<p><\/p>\n\n\n\n<p>Pour le d\u00e9tail de chaque fonctionnalit\u00e9, voir la page <a href=\"https:\/\/services.lib.uliege.be\/alma\/primo-ve\/fonctionnalites-de-gestion\/export-send-to\/\">Export et envoi<\/a> dans la partie <a href=\"https:\/\/services.lib.uliege.be\/alma\/primo-ve\/fonctionnalites-de-gestion\/\">Fonctionnalit\u00e9s de gestion<\/a>.<\/p>\n","protected":false},"excerpt":{"rendered":"<p>La section Envoyer vers propose toutes les fonctionnalit\u00e9s d&rsquo;export et d&rsquo;envoi configur\u00e9es : Pour le d\u00e9tail de chaque fonctionnalit\u00e9, voir la page Export et envoi dans la partie Fonctionnalit\u00e9s de gestion.<\/p>\n","protected":false},"author":6,"featured_media":0,"parent":3166,"menu_order":4,"comment_status":"closed","ping_status":"closed","template":"","meta":{"jetpack_post_was_ever_published":false,"footnotes":""},"class_list":["post-5688","page","type-page","status-publish","hentry"],"jetpack_sharing_enabled":true,"jetpack_shortlink":"https:\/\/wp.me\/P7rJUv-1tK","_links":{"self":[{"href":"https:\/\/services.lib.uliege.be\/alma\/wp-json\/wp\/v2\/pages\/5688","targetHints":{"allow":["GET"]}}],"collection":[{"href":"https:\/\/services.lib.uliege.be\/alma\/wp-json\/wp\/v2\/pages"}],"about":[{"href":"https:\/\/services.lib.uliege.be\/alma\/wp-json\/wp\/v2\/types\/page"}],"author":[{"embeddable":true,"href":"https:\/\/services.lib.uliege.be\/alma\/wp-json\/wp\/v2\/users\/6"}],"replies":[{"embeddable":true,"href":"https:\/\/services.lib.uliege.be\/alma\/wp-json\/wp\/v2\/comments?post=5688"}],"version-history":[{"count":3,"href":"https:\/\/services.lib.uliege.be\/alma\/wp-json\/wp\/v2\/pages\/5688\/revisions"}],"predecessor-version":[{"id":6412,"href":"https:\/\/services.lib.uliege.be\/alma\/wp-json\/wp\/v2\/pages\/5688\/revisions\/6412"}],"up":[{"embeddable":true,"href":"https:\/\/services.lib.uliege.be\/alma\/wp-json\/wp\/v2\/pages\/3166"}],"wp:attachment":[{"href":"https:\/\/services.lib.uliege.be\/alma\/wp-json\/wp\/v2\/media?parent=5688"}],"curies":[{"name":"wp","href":"https:\/\/api.w.org\/{rel}","templated":true}]}}