{"id":5615,"date":"2020-10-05T11:11:29","date_gmt":"2020-10-05T09:11:29","guid":{"rendered":"http:\/\/app.lib.uliege.be\/alma\/?page_id=5615"},"modified":"2020-10-05T11:48:54","modified_gmt":"2020-10-05T09:48:54","slug":"browzine","status":"publish","type":"page","link":"https:\/\/services.lib.uliege.be\/alma\/primo-ve\/affichage-et-navigation\/browzine-et-la-suite-libkey\/browzine\/","title":{"rendered":"BrowZine"},"content":{"rendered":"\n<p>BrowZine est un outil qui permet de parcourir nos collections de revues scientifiques sur ordinateur, tablette ou smartphone de fa\u00e7on agr\u00e9able et visuelle :<\/p>\n\n\n\n<p class=\"has-text-align-center has-medium-font-size\"><a rel=\"noreferrer noopener\" href=\"https:\/\/browzine.com\/libraries\/1973\/\" data-type=\"URL\" data-id=\"https:\/\/browzine.com\/libraries\/1973\/\" target=\"_blank\"><strong>https:\/\/browzine.com\/libraries\/1973\/<\/strong><\/a><\/p>\n\n\n\n<div class=\"wp-block-image\"><figure class=\"aligncenter size-large\"><img loading=\"lazy\" decoding=\"async\" width=\"1024\" height=\"557\" src=\"https:\/\/services.lib.uliege.be\/alma\/wp-content\/uploads\/2020\/10\/image-16-1024x557.png\" alt=\"\" class=\"wp-image-5618\" srcset=\"https:\/\/services.lib.uliege.be\/alma\/wp-content\/uploads\/2020\/10\/image-16-1024x557.png 1024w, https:\/\/services.lib.uliege.be\/alma\/wp-content\/uploads\/2020\/10\/image-16-300x163.png 300w, https:\/\/services.lib.uliege.be\/alma\/wp-content\/uploads\/2020\/10\/image-16-768x418.png 768w, https:\/\/services.lib.uliege.be\/alma\/wp-content\/uploads\/2020\/10\/image-16.png 1234w\" sizes=\"auto, (max-width: 1024px) 100vw, 1024px\" \/><\/figure><\/div>\n\n\n\n<p>BrowZine permet :<\/p>\n\n\n\n<ul class=\"wp-block-list\"><li>D\u2019acc\u00e9der facilement \u00e0 la grande majorit\u00e9 des p\u00e9riodiques \u00e9lectroniques scientifiques auxquels ULi\u00e8ge Library est abonn\u00e9e.<\/li><li>D&rsquo;effectuer des recherches pr\u00e9cises ou de simplement parcourir les domaines.<\/li><li>De cr\u00e9er des \u00e9tag\u00e8res pour suivre les p\u00e9riodiques favoris.<\/li><\/ul>\n\n\n\n<p>Il est important de noter que :<\/p>\n\n\n\n<ol class=\"wp-block-list\"><li>L&rsquo;acc\u00e8s \u00e0 BrowZine n&rsquo;est possible que sur le campus ULi\u00e8ge ou via le VPN.<\/li><li>Un p\u00e9riodique ne peut faire partie de la base de connaissance de BrowZine que si celui-ci attribue des <strong>DOI CrossRef<\/strong> \u00e0 ses articles. Cela explique pourquoi tous les p\u00e9riodiques \u00e9lectroniques activ\u00e9s dans Alma ne se retrouvent pas dans BrowZine.<\/li><li>La publication des donn\u00e9es Alma vers BrowZine a lieu une fois par semaine, le dimanche matin.<\/li><li>BrowZine est \u00e9galement disponible sous forme d\u2019application mobile gratuite (t\u00e9l\u00e9chargeable sur\u00a0<a rel=\"noreferrer noopener\" href=\"https:\/\/play.google.com\/store\/apps\/details?id=com.browzine&amp;hl=fr\" target=\"_blank\">Google Play<\/a>\u00a0et\u00a0<a rel=\"noreferrer noopener\" href=\"https:\/\/apps.apple.com\/fr\/app\/browzine\/id463787411\" target=\"_blank\">App Store<\/a>).<\/li><\/ol>\n\n\n\n<p><\/p>\n\n\n\n<h4 class=\"wp-block-heading\">Pages d&rsquo;aide chez Third Iron<\/h4>\n\n\n\n<ul class=\"wp-block-list\"><li><a rel=\"noreferrer noopener\" href=\"https:\/\/support.thirdiron.com\/knowledgebase\/articles\/185354-about-the-browzine-taxonomy\" target=\"_blank\" class=\"broken_link\">About the BrowZine Taxonomy<\/a><\/li><li><a rel=\"noreferrer noopener\" href=\"https:\/\/support.thirdiron.com\/knowledgebase\/articles\/1910173-what-are-the-requirements-to-include-a-journal-in\" target=\"_blank\" class=\"broken_link\">What are the requirements to include a journal in BrowZine?<\/a><\/li><li><a rel=\"noreferrer noopener\" href=\"https:\/\/support.thirdiron.com\/knowledgebase\/articles\/132654-what-publishers-do-you-support\" target=\"_blank\" class=\"broken_link\">What publishers do you support?<\/a><\/li><\/ul>\n\n\n\n<figure class=\"wp-block-embed-youtube wp-block-embed is-type-video is-provider-youtube wp-embed-aspect-16-9 wp-has-aspect-ratio\"><div class=\"wp-block-embed__wrapper\">\n<span class=\"embed-youtube\" style=\"text-align:center; display: block;\"><iframe loading=\"lazy\" class=\"youtube-player\" width=\"800\" height=\"450\" src=\"https:\/\/www.youtube.com\/embed\/ARhQTTgVN5k?version=3&#038;rel=1&#038;showsearch=0&#038;showinfo=1&#038;iv_load_policy=1&#038;fs=1&#038;hl=fr-FR&#038;autohide=2&#038;wmode=transparent\" allowfullscreen=\"true\" style=\"border:0;\" sandbox=\"allow-scripts allow-same-origin allow-popups allow-presentation allow-popups-to-escape-sandbox\"><\/iframe><\/span>\n<\/div><\/figure>\n\n\n\n<figure class=\"wp-block-embed-youtube wp-block-embed is-type-video is-provider-youtube wp-embed-aspect-16-9 wp-has-aspect-ratio\"><div class=\"wp-block-embed__wrapper\">\n<span class=\"embed-youtube\" style=\"text-align:center; display: block;\"><iframe loading=\"lazy\" class=\"youtube-player\" width=\"800\" height=\"450\" src=\"https:\/\/www.youtube.com\/embed\/V8xrdqvPZaI?version=3&#038;rel=1&#038;showsearch=0&#038;showinfo=1&#038;iv_load_policy=1&#038;fs=1&#038;hl=fr-FR&#038;autohide=2&#038;wmode=transparent\" allowfullscreen=\"true\" style=\"border:0;\" sandbox=\"allow-scripts allow-same-origin allow-popups allow-presentation allow-popups-to-escape-sandbox\"><\/iframe><\/span>\n<\/div><\/figure>\n","protected":false},"excerpt":{"rendered":"<p>BrowZine est un outil qui permet de parcourir nos collections de revues scientifiques sur ordinateur, tablette ou smartphone de fa\u00e7on agr\u00e9able et visuelle : https:\/\/browzine.com\/libraries\/1973\/ BrowZine permet : D\u2019acc\u00e9der facilement \u00e0 la grande majorit\u00e9 des p\u00e9riodiques \u00e9lectroniques scientifiques auxquels ULi\u00e8ge Library est abonn\u00e9e. D&rsquo;effectuer des recherches pr\u00e9cises ou de simplement&#8230; <a href=\"https:\/\/services.lib.uliege.be\/alma\/primo-ve\/affichage-et-navigation\/browzine-et-la-suite-libkey\/browzine\/\" class=\"readmore\">Lire l&#039;int\u00e9gralit\u00e9&#8230;<span class=\"screen-reader-text\">BrowZine<\/span><span class=\"fa fa-angle-double-right\" aria-hidden=\"true\"><\/span><\/a><\/p>\n","protected":false},"author":5,"featured_media":0,"parent":5608,"menu_order":1,"comment_status":"closed","ping_status":"closed","template":"","meta":{"footnotes":""},"class_list":["post-5615","page","type-page","status-publish","hentry"],"jetpack_sharing_enabled":true,"jetpack_shortlink":"https:\/\/wp.me\/P7rJUv-1sz","_links":{"self":[{"href":"https:\/\/services.lib.uliege.be\/alma\/wp-json\/wp\/v2\/pages\/5615","targetHints":{"allow":["GET"]}}],"collection":[{"href":"https:\/\/services.lib.uliege.be\/alma\/wp-json\/wp\/v2\/pages"}],"about":[{"href":"https:\/\/services.lib.uliege.be\/alma\/wp-json\/wp\/v2\/types\/page"}],"author":[{"embeddable":true,"href":"https:\/\/services.lib.uliege.be\/alma\/wp-json\/wp\/v2\/users\/5"}],"replies":[{"embeddable":true,"href":"https:\/\/services.lib.uliege.be\/alma\/wp-json\/wp\/v2\/comments?post=5615"}],"version-history":[{"count":8,"href":"https:\/\/services.lib.uliege.be\/alma\/wp-json\/wp\/v2\/pages\/5615\/revisions"}],"predecessor-version":[{"id":5640,"href":"https:\/\/services.lib.uliege.be\/alma\/wp-json\/wp\/v2\/pages\/5615\/revisions\/5640"}],"up":[{"embeddable":true,"href":"https:\/\/services.lib.uliege.be\/alma\/wp-json\/wp\/v2\/pages\/5608"}],"wp:attachment":[{"href":"https:\/\/services.lib.uliege.be\/alma\/wp-json\/wp\/v2\/media?parent=5615"}],"curies":[{"name":"wp","href":"https:\/\/api.w.org\/{rel}","templated":true}]}}