{"id":5474,"date":"2020-10-05T13:43:45","date_gmt":"2020-10-05T11:43:45","guid":{"rendered":"http:\/\/app.lib.uliege.be\/alma\/?page_id=5474"},"modified":"2025-03-13T23:06:09","modified_gmt":"2025-03-13T22:06:09","slug":"central-discovery-index","status":"publish","type":"page","link":"https:\/\/services.lib.uliege.be\/alma\/primo-ve\/sources\/central-discovery-index\/","title":{"rendered":"Central Discovery Index"},"content":{"rendered":"\n<p>Outre les ressources physiques et \u00e9lectroniques r\u00e9f\u00e9renc\u00e9es dans Alma, les contenus d&rsquo;ORBi, de MatheO, de DONum et des autres archives ouvertes moissonn\u00e9es, Primo VE comporte \u00e9galement des dizaines de millions d&rsquo;articles scientifiques, e-books, chapitres d&rsquo;e-books, actes de congr\u00e8s, entr\u00e9es d&rsquo;encyclop\u00e9dies, rapports, th\u00e8ses, images, etc. issues de Central Discovery Index (CDI).<\/p>\n\n\n\n<p>Dans les r\u00e9sultats de recherche sur Primo VE, <strong>seuls les contenus \u00e9lectroniques pour lesquels un texte int\u00e9gral est disponible \u00e0 l&rsquo;ULi\u00e8ge sont affich\u00e9s<\/strong> (soit en raison d&rsquo;une souscription institutionnelle soit parce qu&rsquo;il s&rsquo;agit d&rsquo;une ressource gratuite). Si vous d\u00e9sirez obtenir plus de r\u00e9sultats et donc \u00e9tendre votre recherche aux r\u00e9f\u00e9rences pour lesquelles nous ne disposons pas \u00e0 l&rsquo;ULi\u00e8ge d&rsquo;une version \u00e9lectronique, cochez la case \u00ab\u00a0Plus de r\u00e9sultats sans acc\u00e8s en ligne\u00a0\u00bb dans les facettes.<\/p>\n\n\n<div class=\"wp-block-image is-style-rounded\">\n<figure class=\"aligncenter size-large\"><img decoding=\"async\" src=\"https:\/\/services.lib.uliege.be\/alma\/wp-content\/uploads\/2019\/03\/image-2.png\" alt=\"\"\/><\/figure>\n<\/div>\n\n\n<p>C&rsquo;est alors \u00e0 des centaines de millions de r\u00e9f\u00e9rences que vous \u00e9largissez votre recherche qui peuvent alors faire l&rsquo;objet d&rsquo;une demande PIB.<\/p>\n\n\n\n<p>A la diff\u00e9rence de l\u2019index dit \u00ab local \u00bb, c\u2019est-\u00e0-dire qui indexe les m\u00e9tadonn\u00e9es issues des ressources locales (Alma et sources moissonn\u00e9es) sur lesquelles les administrateurs peuvent peu ou prou agir, Central Discovery Index utilise un gigantesque entrep\u00f4t de m\u00e9tadonn\u00e9es enti\u00e8rement g\u00e9r\u00e9 par Ex Libris et directement aliment\u00e9 par diff\u00e9rentes sources primaires ou secondaires : \u00e9diteurs, fournisseurs d\u2019acc\u00e8s, agr\u00e9gateurs, mais aussi certaines institutions comme l\u2019ULi\u00e8ge dont les contenus en acc\u00e8s libre d&rsquo;ORBi, de PoPuPS et de DONum BICfB sont int\u00e9gr\u00e9s dans CDI. <\/p>\n\n\n\n<p><\/p>\n\n\n\n<p>Afin de r\u00e9duire le nombre de r\u00e9sultats, l&rsquo;utilisateur a la possibilit\u00e9 de d\u00e9sactiver la recherche full text dans les notices CDI. Par d\u00e9faut, la recherche dans le full text est activ\u00e9e.<\/p>\n\n\n<div class=\"wp-block-image\">\n<figure class=\"aligncenter size-full is-resized\"><img loading=\"lazy\" decoding=\"async\" width=\"254\" height=\"38\" src=\"https:\/\/services.lib.uliege.be\/alma\/wp-content\/uploads\/2022\/10\/image-12.png\" alt=\"\" class=\"wp-image-6481\" style=\"width:356px;height:53px\"\/><\/figure>\n<\/div>\n\n\n<p>Depuis 2013, l&rsquo;index utilis\u00e9 \u00e9tait Primo Central Index (PCI). \u00c0 l&rsquo;ULi\u00e8ge, Central Discovery Index lui a succ\u00e9d\u00e9 en janvier 2020.<\/p>\n\n\n\n<figure class=\"wp-block-table aligncenter is-style-regular\"><table><thead><tr><th><\/th><th class=\"has-text-align-center\" data-align=\"center\">CDI<\/th><\/tr><\/thead><tbody><tr><td>Nombre de notices<\/td><td class=\"has-text-align-left\" data-align=\"left\">plus de 5,14 milliards<\/td><\/tr><tr><td>Mise \u00e0 jour<\/td><td class=\"has-text-align-left\" data-align=\"left\">Dans les 30-40 heures<\/td><\/tr><tr><td>Nombre de <a href=\"https:\/\/knowledge.exlibrisgroup.com\/Primo\/Content_Corner\/Central_Discovery_Index\/Documentation_and_Training\/010CDI_-_The_Central_Discovery_Index\/070Resource_Types_in_CDI\" target=\"_blank\" rel=\"noreferrer noopener\">types de ressources<\/a><\/td><td class=\"has-text-align-left\" data-align=\"left\">33<\/td><\/tr><\/tbody><\/table><\/figure>\n\n\n\n<h2 class=\"wp-block-heading\">Fonctionnement de CDI <\/h2>\n\n\n\n<ul class=\"wp-block-list\">\n<li><a href=\".\/lien-vers-le-texte-integral\/\">Lien vers le texte int\u00e9gral<\/a><\/li>\n\n\n\n<li><a href=\".\/fusion-de-notices-cdi\/\">Fusion de notices CDI<\/a><\/li>\n<\/ul>\n\n\n\n<h2 class=\"wp-block-heading\">Signaler un probl\u00e8me<\/h2>\n\n\n\n<p>Un probl\u00e8me de lien ou de m\u00e9tadonn\u00e9es dans une r\u00e9f\u00e9rence de CDI ? Signalez-le en priorit\u00e9 aux gestionnaires e-ressources de ULi\u00e8ge Library via le Forum. Le cas \u00e9ch\u00e9ant, ils se tourneront vers les administrateurs Alma\/Primo. <\/p>\n","protected":false},"excerpt":{"rendered":"<p>Outre les ressources physiques et \u00e9lectroniques r\u00e9f\u00e9renc\u00e9es dans Alma, les contenus d&rsquo;ORBi, de MatheO, de DONum et des autres archives ouvertes moissonn\u00e9es, Primo VE comporte \u00e9galement des dizaines de millions d&rsquo;articles scientifiques, e-books, chapitres d&rsquo;e-books, actes de congr\u00e8s, entr\u00e9es d&rsquo;encyclop\u00e9dies, rapports, th\u00e8ses, images, etc. issues de Central Discovery Index (CDI)&#8230;. <a href=\"https:\/\/services.lib.uliege.be\/alma\/primo-ve\/sources\/central-discovery-index\/\" class=\"readmore\">Lire l&#039;int\u00e9gralit\u00e9&#8230;<span class=\"screen-reader-text\">Central Discovery Index<\/span><span class=\"fa fa-angle-double-right\" aria-hidden=\"true\"><\/span><\/a><\/p>\n","protected":false},"author":6,"featured_media":0,"parent":3147,"menu_order":6,"comment_status":"closed","ping_status":"closed","template":"","meta":{"jetpack_post_was_ever_published":false,"footnotes":""},"class_list":["post-5474","page","type-page","status-publish","hentry"],"jetpack_sharing_enabled":true,"jetpack_shortlink":"https:\/\/wp.me\/P7rJUv-1qi","_links":{"self":[{"href":"https:\/\/services.lib.uliege.be\/alma\/wp-json\/wp\/v2\/pages\/5474","targetHints":{"allow":["GET"]}}],"collection":[{"href":"https:\/\/services.lib.uliege.be\/alma\/wp-json\/wp\/v2\/pages"}],"about":[{"href":"https:\/\/services.lib.uliege.be\/alma\/wp-json\/wp\/v2\/types\/page"}],"author":[{"embeddable":true,"href":"https:\/\/services.lib.uliege.be\/alma\/wp-json\/wp\/v2\/users\/6"}],"replies":[{"embeddable":true,"href":"https:\/\/services.lib.uliege.be\/alma\/wp-json\/wp\/v2\/comments?post=5474"}],"version-history":[{"count":20,"href":"https:\/\/services.lib.uliege.be\/alma\/wp-json\/wp\/v2\/pages\/5474\/revisions"}],"predecessor-version":[{"id":6899,"href":"https:\/\/services.lib.uliege.be\/alma\/wp-json\/wp\/v2\/pages\/5474\/revisions\/6899"}],"up":[{"embeddable":true,"href":"https:\/\/services.lib.uliege.be\/alma\/wp-json\/wp\/v2\/pages\/3147"}],"wp:attachment":[{"href":"https:\/\/services.lib.uliege.be\/alma\/wp-json\/wp\/v2\/media?parent=5474"}],"curies":[{"name":"wp","href":"https:\/\/api.w.org\/{rel}","templated":true}]}}