{"id":5028,"date":"2019-11-08T15:36:17","date_gmt":"2019-11-08T14:36:17","guid":{"rendered":"http:\/\/app.lib.uliege.be\/alma\/?page_id=5028"},"modified":"2026-03-26T15:57:16","modified_gmt":"2026-03-26T14:57:16","slug":"administration-sur-myuliege-des-gestionnaires-cyclope","status":"publish","type":"page","link":"https:\/\/services.lib.uliege.be\/alma\/cyclope\/administration-sur-myuliege-des-gestionnaires-cyclope\/","title":{"rendered":"Administration des gestionnaires Cyclope"},"content":{"rendered":"\n<p>Les op\u00e9rateurs et managers Fulfillment doivent \u00eatre enregistr\u00e9s comme gestionnaires Cyclope pour pouvoir se connecter \u00e0 Cyclope, associer une photo \u00e0 un compte B et demander un impression de carte de lecteur.<\/p>\n\n\n\n<p>L&rsquo;acc\u00e8s \u00e0 Cyclope ne peut \u00eatre donn\u00e9 qu&rsquo;aux personnes ayant \u00e9t\u00e9 form\u00e9es \u00e0 cette partie du Fulfillment.<\/p>\n\n\n\n<h3 class=\"wp-block-heading\">Proc\u00e9dure pour les administrateurs<\/h3>\n\n\n\n<p> <strong>(1)<\/strong> Se connecter \u00e0 <a rel=\"noreferrer noopener\" href=\"https:\/\/my.uliege.be\/\" target=\"_blank\">my.uliege.be<\/a>. <\/p>\n\n\n\n<p>(<strong>2)<\/strong> Dans vos favoris, ajouter le lien <a href=\"https:\/\/my.uliege.be\/portail\/PP\/CY\/index.do?tkRfhIdMENU=1756979349362YzeAo\" target=\"_blank\" rel=\"noreferrer noopener\">https:\/\/my.uliege.be\/portail\/PP\/CY\/index.do?tkRfhIdMENU=1756979349362YzeAo<\/a><\/p>\n\n\n<div class=\"wp-block-image\">\n<figure class=\"aligncenter size-large\"><img loading=\"lazy\" decoding=\"async\" width=\"1024\" height=\"230\" src=\"https:\/\/services.lib.uliege.be\/alma\/wp-content\/uploads\/2026\/03\/Cyclope1-1024x230.png\" alt=\"\" class=\"wp-image-7205\" srcset=\"https:\/\/services.lib.uliege.be\/alma\/wp-content\/uploads\/2026\/03\/Cyclope1-1024x230.png 1024w, https:\/\/services.lib.uliege.be\/alma\/wp-content\/uploads\/2026\/03\/Cyclope1-300x67.png 300w, https:\/\/services.lib.uliege.be\/alma\/wp-content\/uploads\/2026\/03\/Cyclope1-768x172.png 768w, https:\/\/services.lib.uliege.be\/alma\/wp-content\/uploads\/2026\/03\/Cyclope1.png 1034w\" sizes=\"auto, (max-width: 1024px) 100vw, 1024px\" \/><\/figure>\n<\/div>\n\n\n<p><strong>(3)<\/strong> Sous l&rsquo;onglet \u00ab\u00a0Services\u00a0\u00bb, cliquer sur l&rsquo;ic\u00f4ne de la ligne \u00ab\u00a0Badge Biblio\u00a0\u00bb pour g\u00e9rer les utilisateurs.<\/p>\n\n\n<div class=\"wp-block-image\">\n<figure class=\"aligncenter size-large\"><img loading=\"lazy\" decoding=\"async\" width=\"1024\" height=\"307\" src=\"https:\/\/services.lib.uliege.be\/alma\/wp-content\/uploads\/2019\/11\/image-40-1024x307.png\" alt=\"\" class=\"wp-image-5134\" srcset=\"https:\/\/services.lib.uliege.be\/alma\/wp-content\/uploads\/2019\/11\/image-40-1024x307.png 1024w, https:\/\/services.lib.uliege.be\/alma\/wp-content\/uploads\/2019\/11\/image-40-300x90.png 300w, https:\/\/services.lib.uliege.be\/alma\/wp-content\/uploads\/2019\/11\/image-40-768x231.png 768w, https:\/\/services.lib.uliege.be\/alma\/wp-content\/uploads\/2019\/11\/image-40-1536x461.png 1536w, https:\/\/services.lib.uliege.be\/alma\/wp-content\/uploads\/2019\/11\/image-40.png 1612w\" sizes=\"auto, (max-width: 1024px) 100vw, 1024px\" \/><\/figure>\n<\/div>\n\n\n<p>La liste des gestionnaires Cyclope appara\u00eet.<\/p>\n\n\n\n<figure class=\"wp-block-image size-large\"><img loading=\"lazy\" decoding=\"async\" width=\"1000\" height=\"660\" src=\"https:\/\/services.lib.uliege.be\/alma\/wp-content\/uploads\/2019\/11\/image-41.png\" alt=\"\" class=\"wp-image-5135\" srcset=\"https:\/\/services.lib.uliege.be\/alma\/wp-content\/uploads\/2019\/11\/image-41.png 1000w, https:\/\/services.lib.uliege.be\/alma\/wp-content\/uploads\/2019\/11\/image-41-300x198.png 300w, https:\/\/services.lib.uliege.be\/alma\/wp-content\/uploads\/2019\/11\/image-41-768x507.png 768w\" sizes=\"auto, (max-width: 1000px) 100vw, 1000px\" \/><\/figure>\n\n\n\n<p><strong>(4a)<\/strong> Pour ajouter un nouveau gestionnaire :<\/p>\n\n\n\n<ul class=\"wp-block-list\">\n<li>rechercher un utilisateur par son nom ou son identifiant sous l\u2019onglet appropri\u00e9 ;<\/li>\n\n\n\n<li>le s\u00e9lectionner ;<\/li>\n\n\n\n<li>cliquer sur \u00ab\u00a0Associer\u00a0\u00bb.<\/li>\n<\/ul>\n\n\n<div class=\"wp-block-image is-resized\">\n<figure class=\"aligncenter size-large\"><img loading=\"lazy\" decoding=\"async\" width=\"777\" height=\"152\" src=\"https:\/\/services.lib.uliege.be\/alma\/wp-content\/uploads\/2019\/11\/image-42.png\" alt=\"\" class=\"wp-image-5136\" srcset=\"https:\/\/services.lib.uliege.be\/alma\/wp-content\/uploads\/2019\/11\/image-42.png 777w, https:\/\/services.lib.uliege.be\/alma\/wp-content\/uploads\/2019\/11\/image-42-300x59.png 300w, https:\/\/services.lib.uliege.be\/alma\/wp-content\/uploads\/2019\/11\/image-42-768x150.png 768w\" sizes=\"auto, (max-width: 777px) 100vw, 777px\" \/><\/figure>\n<\/div>\n\n\n<p>Le nom de l&rsquo;usager va alors appara\u00eetre dans la liste des gestionnaires Cyclope.<\/p>\n\n\n\n<p><strong>(4b)<\/strong> Pour retirer un gestionnaire Cyclope de la liste, cliquer simplement sur la croix rouge de sa ligne. La suppression est automatique, il n&rsquo;y a pas de demande de confirmation.<\/p>\n\n\n<div class=\"wp-block-image is-resized\">\n<figure class=\"aligncenter size-large\"><img loading=\"lazy\" decoding=\"async\" width=\"95\" height=\"120\" src=\"https:\/\/services.lib.uliege.be\/alma\/wp-content\/uploads\/2019\/11\/image-43.png\" alt=\"\" class=\"wp-image-5138\"\/><\/figure>\n<\/div>\n\n\n<p>&nbsp;<\/p>\n","protected":false},"excerpt":{"rendered":"<p>Les op\u00e9rateurs et managers Fulfillment doivent \u00eatre enregistr\u00e9s comme gestionnaires Cyclope pour pouvoir se connecter \u00e0 Cyclope, associer une photo \u00e0 un compte B et demander un impression de carte de lecteur. L&rsquo;acc\u00e8s \u00e0 Cyclope ne peut \u00eatre donn\u00e9 qu&rsquo;aux personnes ayant \u00e9t\u00e9 form\u00e9es \u00e0 cette partie du Fulfillment. Proc\u00e9dure&#8230; <a href=\"https:\/\/services.lib.uliege.be\/alma\/cyclope\/administration-sur-myuliege-des-gestionnaires-cyclope\/\" class=\"readmore\">Lire l&#039;int\u00e9gralit\u00e9&#8230;<span class=\"screen-reader-text\">Administration des gestionnaires Cyclope<\/span><span class=\"fa fa-angle-double-right\" aria-hidden=\"true\"><\/span><\/a><\/p>\n","protected":false},"author":5,"featured_media":0,"parent":4959,"menu_order":0,"comment_status":"closed","ping_status":"closed","template":"","meta":{"jetpack_post_was_ever_published":false,"footnotes":""},"class_list":["post-5028","page","type-page","status-publish","hentry"],"jetpack_sharing_enabled":true,"jetpack_shortlink":"https:\/\/wp.me\/P7rJUv-1j6","_links":{"self":[{"href":"https:\/\/services.lib.uliege.be\/alma\/wp-json\/wp\/v2\/pages\/5028","targetHints":{"allow":["GET"]}}],"collection":[{"href":"https:\/\/services.lib.uliege.be\/alma\/wp-json\/wp\/v2\/pages"}],"about":[{"href":"https:\/\/services.lib.uliege.be\/alma\/wp-json\/wp\/v2\/types\/page"}],"author":[{"embeddable":true,"href":"https:\/\/services.lib.uliege.be\/alma\/wp-json\/wp\/v2\/users\/5"}],"replies":[{"embeddable":true,"href":"https:\/\/services.lib.uliege.be\/alma\/wp-json\/wp\/v2\/comments?post=5028"}],"version-history":[{"count":14,"href":"https:\/\/services.lib.uliege.be\/alma\/wp-json\/wp\/v2\/pages\/5028\/revisions"}],"predecessor-version":[{"id":7207,"href":"https:\/\/services.lib.uliege.be\/alma\/wp-json\/wp\/v2\/pages\/5028\/revisions\/7207"}],"up":[{"embeddable":true,"href":"https:\/\/services.lib.uliege.be\/alma\/wp-json\/wp\/v2\/pages\/4959"}],"wp:attachment":[{"href":"https:\/\/services.lib.uliege.be\/alma\/wp-json\/wp\/v2\/media?parent=5028"}],"curies":[{"name":"wp","href":"https:\/\/api.w.org\/{rel}","templated":true}]}}