{"id":3166,"date":"2019-02-28T16:50:19","date_gmt":"2019-02-28T15:50:19","guid":{"rendered":"https:\/\/app.lib.uliege.be\/alma\/?page_id=3166"},"modified":"2020-10-05T14:28:40","modified_gmt":"2020-10-05T12:28:40","slug":"full-record-services","status":"publish","type":"page","link":"https:\/\/services.lib.uliege.be\/alma\/primo-ve\/affichage-et-navigation\/full-record-services\/","title":{"rendered":"Affichage complet et services"},"content":{"rendered":"\n<p>\u00c0 partir d&rsquo;une r\u00e9f\u00e9rence abr\u00e9g\u00e9e dans un r\u00e9sultat de recherche, vous pouvez afficher tous les services disponibles pour cette notice. <br>Toutes les options sont accessibles sur une page unique : fonctionnalit\u00e9s de gestion, acc\u00e8s et options de demande, notice compl\u00e8te, \u00e9tag\u00e8re virtuelle, liens externes&#8230; <strong>Il n&rsquo;y a pas d&rsquo;onglets s\u00e9par\u00e9s !<\/strong><\/p>\n\n\n\n<ol class=\"wp-block-list\"><li><a href=\"https:\/\/services.lib.uliege.be\/alma\/primo-ve\/affichage-et-navigation\/full-record-services\/notice-abregee-et-disponibilite\/\">Notice abr\u00e9g\u00e9e et disponibilit\u00e9<\/a><\/li><li><a href=\"https:\/\/services.lib.uliege.be\/alma\/primo-ve\/affichage-et-navigation\/full-record-services\/voir-en-ligne\/\">Voir en ligne<\/a><\/li><li><a href=\"https:\/\/services.lib.uliege.be\/alma\/primo-ve\/affichage-et-navigation\/full-record-services\/obtenir\/\">Obtenir<\/a><\/li><li><a href=\"https:\/\/services.lib.uliege.be\/alma\/primo-ve\/affichage-et-navigation\/full-record-services\/envoyer-vers\/\">Envoyer vers<\/a><\/li><li><a href=\"https:\/\/services.lib.uliege.be\/alma\/primo-ve\/affichage-et-navigation\/full-record-services\/rechercher-dans\/\">Rechercher dans<\/a><\/li><li><a href=\"https:\/\/services.lib.uliege.be\/alma\/primo-ve\/affichage-et-navigation\/full-record-services\/details\/\">D\u00e9tails<\/a><\/li><li><a href=\"https:\/\/services.lib.uliege.be\/alma\/primo-ve\/affichage-et-navigation\/full-record-services\/plus-de-la-meme-galerie\/\">Plus de la m\u00eame Galerie<\/a><\/li><li><a href=\"https:\/\/services.lib.uliege.be\/alma\/primo-ve\/affichage-et-navigation\/full-record-services\/gestion-des-tags\/\">Gestion des tags<\/a><\/li><li><a href=\"https:\/\/services.lib.uliege.be\/alma\/primo-ve\/affichage-et-navigation\/full-record-services\/liens\/\">Liens<\/a><\/li><li><a href=\"https:\/\/services.lib.uliege.be\/alma\/primo-ve\/affichage-et-navigation\/citations-et-altmetric\/\">Citations et Altmetrics<\/a><\/li><\/ol>\n\n\n\n<p><\/p>\n\n\n\n<p><\/p>\n","protected":false},"excerpt":{"rendered":"<p>\u00c0 partir d&rsquo;une r\u00e9f\u00e9rence abr\u00e9g\u00e9e dans un r\u00e9sultat de recherche, vous pouvez afficher tous les services disponibles pour cette notice. Toutes les options sont accessibles sur une page unique : fonctionnalit\u00e9s de gestion, acc\u00e8s et options de demande, notice compl\u00e8te, \u00e9tag\u00e8re virtuelle, liens externes&#8230; Il n&rsquo;y a pas d&rsquo;onglets s\u00e9par\u00e9s&#8230; <a href=\"https:\/\/services.lib.uliege.be\/alma\/primo-ve\/affichage-et-navigation\/full-record-services\/\" class=\"readmore\">Lire l&#039;int\u00e9gralit\u00e9&#8230;<span class=\"screen-reader-text\">Affichage complet et services<\/span><span class=\"fa fa-angle-double-right\" aria-hidden=\"true\"><\/span><\/a><\/p>\n","protected":false},"author":5,"featured_media":0,"parent":3162,"menu_order":4,"comment_status":"closed","ping_status":"closed","template":"","meta":{"jetpack_post_was_ever_published":false,"footnotes":""},"class_list":["post-3166","page","type-page","status-publish","hentry"],"jetpack_sharing_enabled":true,"jetpack_shortlink":"https:\/\/wp.me\/P7rJUv-P4","_links":{"self":[{"href":"https:\/\/services.lib.uliege.be\/alma\/wp-json\/wp\/v2\/pages\/3166","targetHints":{"allow":["GET"]}}],"collection":[{"href":"https:\/\/services.lib.uliege.be\/alma\/wp-json\/wp\/v2\/pages"}],"about":[{"href":"https:\/\/services.lib.uliege.be\/alma\/wp-json\/wp\/v2\/types\/page"}],"author":[{"embeddable":true,"href":"https:\/\/services.lib.uliege.be\/alma\/wp-json\/wp\/v2\/users\/5"}],"replies":[{"embeddable":true,"href":"https:\/\/services.lib.uliege.be\/alma\/wp-json\/wp\/v2\/comments?post=3166"}],"version-history":[{"count":59,"href":"https:\/\/services.lib.uliege.be\/alma\/wp-json\/wp\/v2\/pages\/3166\/revisions"}],"predecessor-version":[{"id":5692,"href":"https:\/\/services.lib.uliege.be\/alma\/wp-json\/wp\/v2\/pages\/3166\/revisions\/5692"}],"up":[{"embeddable":true,"href":"https:\/\/services.lib.uliege.be\/alma\/wp-json\/wp\/v2\/pages\/3162"}],"wp:attachment":[{"href":"https:\/\/services.lib.uliege.be\/alma\/wp-json\/wp\/v2\/media?parent=3166"}],"curies":[{"name":"wp","href":"https:\/\/api.w.org\/{rel}","templated":true}]}}