{"id":3135,"date":"2019-02-28T16:36:47","date_gmt":"2019-02-28T15:36:47","guid":{"rendered":"https:\/\/app.lib.uliege.be\/alma\/?page_id=3135"},"modified":"2022-10-03T11:57:39","modified_gmt":"2022-10-03T09:57:39","slug":"recherche-et-decouverte","status":"publish","type":"page","link":"https:\/\/services.lib.uliege.be\/alma\/primo-ve\/recherche-et-decouverte\/","title":{"rendered":"Recherche et d\u00e9couverte"},"content":{"rendered":"\n<p>L&rsquo;interface de recherche autorise la recherche dans les donn\u00e9es issues d&rsquo;<a rel=\"noreferrer noopener\" aria-label=\" (opens in a new tab)\" href=\"https:\/\/services.lib.uliege.be\/alma\/primo-ve\/sources\/alma\/\" target=\"_blank\">Alma<\/a> (ressources imprim\u00e9es, ressources \u00e9lectroniques, ressources num\u00e9riques), dans les r\u00e9pertoires externes moissonn\u00e9s (<a href=\"https:\/\/services.lib.uliege.be\/alma\/primo-ve\/sources\/orbi\/\">ORBi<\/a> et <a href=\"http:\/\/https:\/\/services.lib.uliege.be\/alma\/primo-ve\/sources\/autres-archives-ouvertes\" class=\"broken_link\">autres archives ouvertes<\/a>, <a rel=\"noreferrer noopener\" aria-label=\" (opens in a new tab)\" href=\"https:\/\/services.lib.uliege.be\/alma\/primo-ve\/sources\/matheo\/\" target=\"_blank\">MatheO<\/a>, <a href=\"https:\/\/services.lib.uliege.be\/alma\/primo-ve\/sources\/donum\/\">DONum<\/a>) et dans les ressources activ\u00e9es pour l&rsquo;ULi\u00e8ge dans le <a href=\"https:\/\/services.lib.uliege.be\/alma\/primo-ve\/sources\/central-discovery-index\/\">Central Discovery Index (CDI)<\/a> d&rsquo;Ex Libris.<\/p>\n\n\n\n<h3 class=\"wp-block-heading\">Recherche simple ou Recherche avanc\u00e9e<\/h3>\n\n\n\n<p>Vous pouvez effectuer une <a href=\"https:\/\/services.lib.uliege.be\/alma\/primo-ve\/recherche-et-decouverte\/recherche-simple\/\">recherche simple<\/a> :<\/p>\n\n\n<div class=\"wp-block-image\">\n<figure class=\"aligncenter\"><img loading=\"lazy\" decoding=\"async\" width=\"1024\" height=\"72\" src=\"https:\/\/services.lib.uliege.be\/alma\/wp-content\/uploads\/2019\/03\/image-4-1024x72.png\" alt=\"\" class=\"wp-image-3256\" srcset=\"https:\/\/services.lib.uliege.be\/alma\/wp-content\/uploads\/2019\/03\/image-4-1024x72.png 1024w, https:\/\/services.lib.uliege.be\/alma\/wp-content\/uploads\/2019\/03\/image-4-300x21.png 300w, https:\/\/services.lib.uliege.be\/alma\/wp-content\/uploads\/2019\/03\/image-4-768x54.png 768w, https:\/\/services.lib.uliege.be\/alma\/wp-content\/uploads\/2019\/03\/image-4.png 1112w\" sizes=\"auto, (max-width: 1024px) 100vw, 1024px\" \/><\/figure>\n<\/div>\n\n\n<p>&#8230; ou une <a href=\"https:\/\/services.lib.uliege.be\/alma\/primo-ve\/recherche-et-decouverte\/recherche-avancee\/\">recherche avanc\u00e9e<\/a> :<\/p>\n\n\n<div class=\"wp-block-image\">\n<figure class=\"aligncenter\"><img loading=\"lazy\" decoding=\"async\" width=\"1024\" height=\"294\" src=\"https:\/\/services.lib.uliege.be\/alma\/wp-content\/uploads\/2019\/03\/image-5-1024x294.png\" alt=\"\" class=\"wp-image-3257\" srcset=\"https:\/\/services.lib.uliege.be\/alma\/wp-content\/uploads\/2019\/03\/image-5-1024x294.png 1024w, https:\/\/services.lib.uliege.be\/alma\/wp-content\/uploads\/2019\/03\/image-5-300x86.png 300w, https:\/\/services.lib.uliege.be\/alma\/wp-content\/uploads\/2019\/03\/image-5-768x220.png 768w, https:\/\/services.lib.uliege.be\/alma\/wp-content\/uploads\/2019\/03\/image-5.png 1102w\" sizes=\"auto, (max-width: 1024px) 100vw, 1024px\" \/><\/figure>\n<\/div>\n\n\n<p>Il suffit de cliquer sur les liens \u00ab\u00a0RECHERCHE AVANC\u00c9E\u00a0\u00bb ou \u00ab\u00a0RECHERCHE SIMPLE\u00a0\u00bb pour basculer de l&rsquo;un \u00e0 l&rsquo;autre.<\/p>\n\n\n\n<p>Il n&rsquo;est pas possible de choisir au pr\u00e9alable un p\u00e9rim\u00e8tre de recherche (<em>scope<\/em>). Les seuls filtres, \u00e0 partir de la Recherche avanc\u00e9e uniquement, sont certains types de document, certaines langues consid\u00e9r\u00e9es comme plus repr\u00e9sentatives de nos collections, ainsi qu&rsquo;un intervalle de dates de publication.<\/p>\n\n\n\n<h3 class=\"wp-block-heading\">Pas ou pas assez de r\u00e9sultats ? Did you mean<\/h3>\n\n\n<div class=\"wp-block-image\">\n<figure class=\"aligncenter\"><img loading=\"lazy\" decoding=\"async\" width=\"934\" height=\"503\" src=\"https:\/\/services.lib.uliege.be\/alma\/wp-content\/uploads\/2019\/03\/image-15.png\" alt=\"\" class=\"wp-image-3292\" srcset=\"https:\/\/services.lib.uliege.be\/alma\/wp-content\/uploads\/2019\/03\/image-15.png 934w, https:\/\/services.lib.uliege.be\/alma\/wp-content\/uploads\/2019\/03\/image-15-300x162.png 300w, https:\/\/services.lib.uliege.be\/alma\/wp-content\/uploads\/2019\/03\/image-15-768x414.png 768w\" sizes=\"auto, (max-width: 934px) 100vw, 934px\" \/><\/figure>\n<\/div>\n\n<div class=\"wp-block-image\">\n<figure class=\"aligncenter\"><img loading=\"lazy\" decoding=\"async\" width=\"940\" height=\"423\" src=\"https:\/\/services.lib.uliege.be\/alma\/wp-content\/uploads\/2019\/03\/image-13.png\" alt=\"\" class=\"wp-image-3290\" srcset=\"https:\/\/services.lib.uliege.be\/alma\/wp-content\/uploads\/2019\/03\/image-13.png 940w, https:\/\/services.lib.uliege.be\/alma\/wp-content\/uploads\/2019\/03\/image-13-300x135.png 300w, https:\/\/services.lib.uliege.be\/alma\/wp-content\/uploads\/2019\/03\/image-13-768x346.png 768w\" sizes=\"auto, (max-width: 940px) 100vw, 940px\" \/><\/figure>\n<\/div>\n\n\n<h3 class=\"wp-block-heading\">Pas de r\u00e9sultats ? Suggestions<\/h3>\n\n\n<div class=\"wp-block-image\">\n<figure class=\"aligncenter size-full\"><img loading=\"lazy\" decoding=\"async\" width=\"929\" height=\"438\" src=\"https:\/\/services.lib.uliege.be\/alma\/wp-content\/uploads\/2022\/10\/image.png\" alt=\"\" class=\"wp-image-6451\" srcset=\"https:\/\/services.lib.uliege.be\/alma\/wp-content\/uploads\/2022\/10\/image.png 929w, https:\/\/services.lib.uliege.be\/alma\/wp-content\/uploads\/2022\/10\/image-300x141.png 300w, https:\/\/services.lib.uliege.be\/alma\/wp-content\/uploads\/2022\/10\/image-768x362.png 768w\" sizes=\"auto, (max-width: 929px) 100vw, 929px\" \/><\/figure>\n<\/div>\n\n<div class=\"wp-block-image\">\n<figure class=\"aligncenter size-large is-resized\"><img loading=\"lazy\" decoding=\"async\" src=\"https:\/\/services.lib.uliege.be\/alma\/wp-content\/uploads\/2022\/10\/image-1-1024x597.png\" alt=\"\" class=\"wp-image-6452\" width=\"863\" height=\"502\" srcset=\"https:\/\/services.lib.uliege.be\/alma\/wp-content\/uploads\/2022\/10\/image-1-1024x597.png 1024w, https:\/\/services.lib.uliege.be\/alma\/wp-content\/uploads\/2022\/10\/image-1-300x175.png 300w, https:\/\/services.lib.uliege.be\/alma\/wp-content\/uploads\/2022\/10\/image-1-768x448.png 768w\" sizes=\"auto, (max-width: 863px) 100vw, 863px\" \/><\/figure>\n<\/div>\n\n\n<h3 class=\"wp-block-heading\" id=\"mce_0\">Obtenir plus de r\u00e9sultats<\/h3>\n\n\n<div class=\"wp-block-image\">\n<figure class=\"aligncenter\"><img loading=\"lazy\" decoding=\"async\" width=\"936\" height=\"195\" src=\"https:\/\/services.lib.uliege.be\/alma\/wp-content\/uploads\/2019\/04\/image-122.png\" alt=\"\" class=\"wp-image-4408\" srcset=\"https:\/\/services.lib.uliege.be\/alma\/wp-content\/uploads\/2019\/04\/image-122.png 936w, https:\/\/services.lib.uliege.be\/alma\/wp-content\/uploads\/2019\/04\/image-122-300x63.png 300w, https:\/\/services.lib.uliege.be\/alma\/wp-content\/uploads\/2019\/04\/image-122-768x160.png 768w\" sizes=\"auto, (max-width: 936px) 100vw, 936px\" \/><\/figure>\n<\/div>\n\n<div class=\"wp-block-image\">\n<figure class=\"aligncenter is-resized\"><img loading=\"lazy\" decoding=\"async\" src=\"https:\/\/services.lib.uliege.be\/alma\/wp-content\/uploads\/2019\/04\/image-16.png\" alt=\"\" class=\"wp-image-3726\" width=\"301\" height=\"56\" srcset=\"https:\/\/services.lib.uliege.be\/alma\/wp-content\/uploads\/2019\/04\/image-16.png 301w, https:\/\/services.lib.uliege.be\/alma\/wp-content\/uploads\/2019\/04\/image-16-300x56.png 300w\" sizes=\"auto, (max-width: 301px) 100vw, 301px\" \/><\/figure>\n<\/div>\n\n\n<p>L&rsquo;utilisateur peut obtenir des r\u00e9sultats suppl\u00e9mentaires en cochant cette case. Il augmente ainsi ses r\u00e9sultats de recherche des r\u00e9f\u00e9rences pour lesquelles il n&rsquo;y a pas d&rsquo;acc\u00e8s au texte int\u00e9gral \u00e0 ULi\u00e8ge Library et peut alors commander la r\u00e9f\u00e9rence via le PIB ou cr\u00e9er une suggestion d&rsquo;achat.  <\/p>\n\n\n<div class=\"wp-block-image\">\n<figure class=\"aligncenter is-resized\"><img loading=\"lazy\" decoding=\"async\" src=\"https:\/\/services.lib.uliege.be\/alma\/wp-content\/uploads\/2019\/04\/image-17.png\" alt=\"\" class=\"wp-image-3727\" width=\"527\" height=\"261\" srcset=\"https:\/\/services.lib.uliege.be\/alma\/wp-content\/uploads\/2019\/04\/image-17.png 806w, https:\/\/services.lib.uliege.be\/alma\/wp-content\/uploads\/2019\/04\/image-17-300x149.png 300w, https:\/\/services.lib.uliege.be\/alma\/wp-content\/uploads\/2019\/04\/image-17-768x381.png 768w\" sizes=\"auto, (max-width: 527px) 100vw, 527px\" \/><\/figure>\n<\/div>\n\n\n<h2 class=\"wp-block-heading\">Indexation des full texts <\/h2>\n\n\n\n<p>L&rsquo;utilisateur a la possibilit\u00e9 d&rsquo;activer ou d\u00e9sactiver la recherche full text dans les ressources pour lesquelles il y a acc\u00e8s au texte int\u00e9gral. Le param\u00e8tre est activ\u00e9 par d\u00e9faut.<\/p>\n\n\n<div class=\"wp-block-image\">\n<figure class=\"aligncenter size-large is-resized\"><img loading=\"lazy\" decoding=\"async\" src=\"https:\/\/services.lib.uliege.be\/alma\/wp-content\/uploads\/2022\/10\/image-10-1024x247.png\" alt=\"\" class=\"wp-image-6477\" width=\"773\" height=\"186\" srcset=\"https:\/\/services.lib.uliege.be\/alma\/wp-content\/uploads\/2022\/10\/image-10-1024x247.png 1024w, https:\/\/services.lib.uliege.be\/alma\/wp-content\/uploads\/2022\/10\/image-10-300x72.png 300w, https:\/\/services.lib.uliege.be\/alma\/wp-content\/uploads\/2022\/10\/image-10-768x185.png 768w, https:\/\/services.lib.uliege.be\/alma\/wp-content\/uploads\/2022\/10\/image-10.png 1041w\" sizes=\"auto, (max-width: 773px) 100vw, 773px\" \/><\/figure>\n<\/div>\n\n<div class=\"wp-block-image\">\n<figure class=\"aligncenter size-full is-resized\"><img loading=\"lazy\" decoding=\"async\" src=\"https:\/\/services.lib.uliege.be\/alma\/wp-content\/uploads\/2022\/10\/image-11.png\" alt=\"\" class=\"wp-image-6478\" width=\"781\" height=\"273\" srcset=\"https:\/\/services.lib.uliege.be\/alma\/wp-content\/uploads\/2022\/10\/image-11.png 997w, https:\/\/services.lib.uliege.be\/alma\/wp-content\/uploads\/2022\/10\/image-11-300x105.png 300w, https:\/\/services.lib.uliege.be\/alma\/wp-content\/uploads\/2022\/10\/image-11-768x269.png 768w\" sizes=\"auto, (max-width: 781px) 100vw, 781px\" \/><\/figure>\n<\/div>\n\n\n<h3 class=\"wp-block-heading\">Rechercher des bases de donn\u00e9es<\/h3>\n\n\n\n<p>Il est possible de trouver une base de donn\u00e9es de trois fa\u00e7ons :<\/p>\n\n\n\n<ol class=\"wp-block-list\"><li>Via l&rsquo;interface de recherche de Primo. <\/li><li>Via l&rsquo;interface de recherche sp\u00e9cifique aux bases de donn\u00e9es (voir la page <a href=\"https:\/\/services.lib.uliege.be\/alma\/primo-ve\/recherche-et-decouverte\/bases-de-donnees\/\">Bases de donn\u00e9es<\/a>).<\/li><li>Via le <a href=\"https:\/\/services.lib.uliege.be\/alma\/primo-ve\/affichage-et-navigation\/resource-recommender\/\">Resource Recommender<\/a>, si la base de donn\u00e9es a bien \u00e9t\u00e9 int\u00e9gr\u00e9e au Resource Recommender, elle appara\u00eetra <em>avant <\/em>les r\u00e9sultats de recherche comme ressource sugg\u00e9r\u00e9e.<\/li><\/ol>\n\n\n\n<h3 class=\"wp-block-heading\">D\u00e9couvrir des collections particuli\u00e8res au travers des Galeries<\/h3>\n\n\n\n<p>La d\u00e9couverte \u00e0 partir des <a href=\"https:\/\/services.lib.uliege.be\/alma\/primo-ve\/recherche-et-decouverte\/galeries\/\">Galeries<\/a> est utilis\u00e9e pour mettre en avant des ressources ou fonds sp\u00e9cifiques, de fa\u00e7on permanente, ou temporaire. Les Galeries constituent le chemin d&rsquo;acc\u00e8s privil\u00e9gi\u00e9 pour certaines collections patrimoniales.<\/p>\n\n\n\n<h3 class=\"wp-block-heading\">Rechercher dans les Tags des utilisateurs<\/h3>\n\n\n\n<p>Les utilisateurs identifi\u00e9s dans Primo peuvent ajouter des <a href=\"https:\/\/services.lib.uliege.be\/alma\/primo-ve\/recherche-et-decouverte\/tags\/\">Tags<\/a> \u00e0 n&rsquo;importe quelle r\u00e9f\u00e9rence. Les Tags peuvent ensuite \u00eatre exploit\u00e9s par tous les utilisateurs qui ont ainsi la possibilit\u00e9 de rechercher des r\u00e9f\u00e9rences \u00e0 partir de la base des tags.<\/p>\n","protected":false},"excerpt":{"rendered":"<p>L&rsquo;interface de recherche autorise la recherche dans les donn\u00e9es issues d&rsquo;Alma (ressources imprim\u00e9es, ressources \u00e9lectroniques, ressources num\u00e9riques), dans les r\u00e9pertoires externes moissonn\u00e9s (ORBi et autres archives ouvertes, MatheO, DONum) et dans les ressources activ\u00e9es pour l&rsquo;ULi\u00e8ge dans le Central Discovery Index (CDI) d&rsquo;Ex Libris. Recherche simple ou Recherche avanc\u00e9e Vous&#8230; <a href=\"https:\/\/services.lib.uliege.be\/alma\/primo-ve\/recherche-et-decouverte\/\" class=\"readmore\">Lire l&#039;int\u00e9gralit\u00e9&#8230;<span class=\"screen-reader-text\">Recherche et d\u00e9couverte<\/span><span class=\"fa fa-angle-double-right\" aria-hidden=\"true\"><\/span><\/a><\/p>\n","protected":false},"author":6,"featured_media":0,"parent":3133,"menu_order":1,"comment_status":"closed","ping_status":"closed","template":"","meta":{"jetpack_post_was_ever_published":false,"footnotes":""},"class_list":["post-3135","page","type-page","status-publish","hentry"],"jetpack_sharing_enabled":true,"jetpack_shortlink":"https:\/\/wp.me\/P7rJUv-Oz","_links":{"self":[{"href":"https:\/\/services.lib.uliege.be\/alma\/wp-json\/wp\/v2\/pages\/3135","targetHints":{"allow":["GET"]}}],"collection":[{"href":"https:\/\/services.lib.uliege.be\/alma\/wp-json\/wp\/v2\/pages"}],"about":[{"href":"https:\/\/services.lib.uliege.be\/alma\/wp-json\/wp\/v2\/types\/page"}],"author":[{"embeddable":true,"href":"https:\/\/services.lib.uliege.be\/alma\/wp-json\/wp\/v2\/users\/6"}],"replies":[{"embeddable":true,"href":"https:\/\/services.lib.uliege.be\/alma\/wp-json\/wp\/v2\/comments?post=3135"}],"version-history":[{"count":83,"href":"https:\/\/services.lib.uliege.be\/alma\/wp-json\/wp\/v2\/pages\/3135\/revisions"}],"predecessor-version":[{"id":6479,"href":"https:\/\/services.lib.uliege.be\/alma\/wp-json\/wp\/v2\/pages\/3135\/revisions\/6479"}],"up":[{"embeddable":true,"href":"https:\/\/services.lib.uliege.be\/alma\/wp-json\/wp\/v2\/pages\/3133"}],"wp:attachment":[{"href":"https:\/\/services.lib.uliege.be\/alma\/wp-json\/wp\/v2\/media?parent=3135"}],"curies":[{"name":"wp","href":"https:\/\/api.w.org\/{rel}","templated":true}]}}