{"id":2594,"date":"2018-03-09T13:06:37","date_gmt":"2018-03-09T12:06:37","guid":{"rendered":"https:\/\/app.lib.uliege.be\/alma\/?page_id=2594"},"modified":"2024-08-22T10:49:36","modified_gmt":"2024-08-22T08:49:36","slug":"gestion-des-ressources-et-catalogage","status":"publish","type":"page","link":"https:\/\/services.lib.uliege.be\/alma\/gestion-des-ressources-et-catalogage\/","title":{"rendered":"Gestion des ressources et catalogage"},"content":{"rendered":"<p>Tous les supports de formation concernant la gestion des ressources, principalement les ressources physiques, sont disponibles dans le <strong><a href=\"https:\/\/services.lib.uliege.be\/guide_catalo\/\" target=\"_blank\" rel=\"noopener noreferrer\">Guide pour le catalogueur<\/a><\/strong>, sous le menu <strong><a href=\"https:\/\/services.lib.uliege.be\/guide_catalo\/workflows-alma\/procedures-courantes\/\" target=\"_blank\" rel=\"noopener noreferrer\">WORKFLOWS ALMA<\/a><\/strong>.<\/p>\n<p>La formation de base permet de comprendre le contenu du r\u00e9pertoire Alma et la structure des donn\u00e9es dans le syst\u00e8me, donne une introduction \u00e0 l&rsquo;\u00e9diteur de m\u00e9tadonn\u00e9es pour l&rsquo;enregistrement de notices bibliographiques et la cr\u00e9ation d&rsquo;inventaire, et d\u00e9taille la gestion des exemplaires. Les workflows relatifs \u00e0 la gestion des ressources physiques sont pr\u00e9sent\u00e9s dans le dernier cycle de la formation de base.<\/p>\n<p>La formation avanc\u00e9e cible la gestion d&rsquo;inventaire sur les documents de type publications en s\u00e9rie et aborde des fonctionnalit\u00e9s diverses.<\/p>\n<p><span style=\"color: #003366;\"><strong>Formation de base<\/strong><\/span><\/p>\n<p><strong><span style=\"color: #000080;\">Cycle 1 : Pr\u00e9sentation et Recherche dans Alma<\/span><\/strong> : Alma, syst\u00e8me de gestion de m\u00e9tadonn\u00e9es et inventaire ; Rechercher dans Alma ; D\u00e9tails sur l&rsquo;indexation ; Exploiter les r\u00e9sultats de recherche ; Num\u00e9rotation des notices dans Alma<\/p>\n<p><u>Public cible<\/u> : tout public<br \/>\n<u>Formation certifiante<\/u>\u00a0: non &#8211; <em>la compr\u00e9hension du contenu du r\u00e9pertoire (zones Institution vs Communaut\u00e9, crit\u00e8res de pr\u00e9-recherche), des modes de recherches, des index, de la liste de r\u00e9sultats, et la fa\u00e7on dont les r\u00e9sultats de recherche peuvent \u00eatre exploit\u00e9s par l&rsquo;utilisateur, doivent \u00eatre acquis apr\u00e8s les s\u00e9ances de formation et d&rsquo;exercices. L&rsquo;acc\u00e8s au R\u00e9pertoire ne n\u00e9cessite pas l&rsquo;attribution d&rsquo;un r\u00f4le impliquant des actions d&rsquo;\u00e9dition dans Alma.<\/em><\/p>\n<p><span style=\"color: #000080;\"><strong>Cycle 2 : Catalogage dans Alma<\/strong> : l&rsquo;\u00e9diteur de m\u00e9tadonn\u00e9es et<\/span> <span style=\"color: #000080;\">l&rsquo;\u00e9diteur d&rsquo;exemplaires physiques\u00a0<\/span>: Introduction \u00e0 l&rsquo;\u00e9diteur de m\u00e9tadonn\u00e9es ; Pr\u00e9cisions de catalogage ;\u00a0 Points d&rsquo;acc\u00e8s (travailler avec les fichiers d&rsquo;autorit\u00e9s : partie 1, g\u00e9n\u00e9ralit\u00e9s) ; Cr\u00e9er l&rsquo;inventaire ; Travailler avec les notices holdings<span style=\"color: #003366;\"> ; <\/span>Gestion des exemplaires physiques<\/p>\n<p><u>Public cible<\/u> : documentalistes et responsables de section en charge de l&rsquo;inventaire physique ; documentalistes en charge du catalogage<br \/>\n<u>Formation certifiante<\/u>\u00a0: oui<\/p>\n<p><span style=\"color: #000080;\"><strong>Cycle 3 :\u00a0Workflows <\/strong>: <span style=\"color: #000000;\">Passer ou\u00a0 non par les Acquisitions ; Quick cataloging ; Enregistrement des Visas ; Suivi qualit\u00e9 : assigner des notices \u00e0 un autre catalogueur ; Suivi qualit\u00e9 : rappels (reminders) ; Work orders pour la gestion des ressources physiques ; Modifier des informations d&rsquo;exemplaire (Change item information) ;\u00a0Proc\u00e9dure de r\u00e9colement (Shelf report)<\/span><\/span><\/p>\n<p><u>Public cible<\/u> :\u00a0documentalistes\u00a0 en charge de l&rsquo;inventaire physique<\/p>\n<p><span style=\"color: #003366;\"><strong>Formation avanc\u00e9e<\/strong><\/span><\/p>\n<p><span style=\"color: #000080;\"><strong>Cycle 4 : Gestion des p\u00e9riodiques (supports papier)<\/strong>\u00a0: <span style=\"color: #000000;\">bulletinage et mod\u00e8les pr\u00e9visionnels ; affichage et gestion des \u00e9tats de collection ; comment exemplariser des fascicules de p\u00e9riodiques<\/span><\/span><\/p>\n<p><u>Public cible<\/u> :\u00a0documentalistes\u00a0 en charge du suivi des abonnements ; documentalistes en charge du bulletinage ; documentalistes en charge de la gestion de la reliure<br \/>\n<u>Formation certifiante<\/u>\u00a0: oui<\/p>\n<p><span style=\"color: #000080;\"><strong>Cycle 5<\/strong> : <span style=\"color: #000000;\">Points d&rsquo;acc\u00e8s (travailler avec les fichiers d&rsquo;autorit\u00e9s : partie 2) ;\u00a0<\/span><span style=\"color: #000000;\">Fonctionnalit\u00e9 de recherche de ressources externes ; Cr\u00e9er des liens entre notices ; Fusionner les notices et combiner l&rsquo;inventaire ; Suivi qualit\u00e9 : Liste de t\u00e2ches Contr\u00f4le d&rsquo;autorit\u00e9 (ACTL) ; Catalogage des E-Ressources ;\u00a0\u00a0Int\u00e9gration de repr\u00e9sentations digitales distantes dans Alma (Alma\/Primo &#8211; DONum)<\/span><\/span><\/p>\n<p><u>Public cible<\/u> : documentalistes en charge du catalogage ;\u00a0documentalistes en charge de l&rsquo;inventaire digital<br \/>\n<u>Formation certifiante<\/u>\u00a0: oui<\/p>\n","protected":false},"excerpt":{"rendered":"<p>Tous les supports de formation concernant la gestion des ressources, principalement les ressources physiques, sont disponibles dans le Guide pour le catalogueur, sous le menu WORKFLOWS ALMA. La formation de base permet de comprendre le contenu du r\u00e9pertoire Alma et la structure des donn\u00e9es dans le syst\u00e8me, donne une introduction&#8230; <a href=\"https:\/\/services.lib.uliege.be\/alma\/gestion-des-ressources-et-catalogage\/\" class=\"readmore\">Lire l&#039;int\u00e9gralit\u00e9&#8230;<span class=\"screen-reader-text\">Gestion des ressources et catalogage<\/span><span class=\"fa fa-angle-double-right\" aria-hidden=\"true\"><\/span><\/a><\/p>\n","protected":false},"author":6,"featured_media":0,"parent":0,"menu_order":0,"comment_status":"closed","ping_status":"closed","template":"","meta":{"jetpack_post_was_ever_published":false,"footnotes":""},"class_list":["post-2594","page","type-page","status-publish","hentry"],"jetpack_sharing_enabled":true,"jetpack_shortlink":"https:\/\/wp.me\/P7rJUv-FQ","_links":{"self":[{"href":"https:\/\/services.lib.uliege.be\/alma\/wp-json\/wp\/v2\/pages\/2594","targetHints":{"allow":["GET"]}}],"collection":[{"href":"https:\/\/services.lib.uliege.be\/alma\/wp-json\/wp\/v2\/pages"}],"about":[{"href":"https:\/\/services.lib.uliege.be\/alma\/wp-json\/wp\/v2\/types\/page"}],"author":[{"embeddable":true,"href":"https:\/\/services.lib.uliege.be\/alma\/wp-json\/wp\/v2\/users\/6"}],"replies":[{"embeddable":true,"href":"https:\/\/services.lib.uliege.be\/alma\/wp-json\/wp\/v2\/comments?post=2594"}],"version-history":[{"count":28,"href":"https:\/\/services.lib.uliege.be\/alma\/wp-json\/wp\/v2\/pages\/2594\/revisions"}],"predecessor-version":[{"id":6792,"href":"https:\/\/services.lib.uliege.be\/alma\/wp-json\/wp\/v2\/pages\/2594\/revisions\/6792"}],"wp:attachment":[{"href":"https:\/\/services.lib.uliege.be\/alma\/wp-json\/wp\/v2\/media?parent=2594"}],"curies":[{"name":"wp","href":"https:\/\/api.w.org\/{rel}","templated":true}]}}