{"id":24,"date":"2016-04-07T12:26:26","date_gmt":"2016-04-07T11:26:26","guid":{"rendered":"https:\/\/app.lib.uliege.be\/alma\/?page_id=24"},"modified":"2019-12-09T11:30:48","modified_gmt":"2019-12-09T10:30:48","slug":"numerisation","status":"publish","type":"page","link":"https:\/\/services.lib.uliege.be\/alma\/numerisation\/","title":{"rendered":"Num\u00e9risation partielle"},"content":{"rendered":"<p>La formation \u00ab\u00a0Num\u00e9risation partielle\u00a0\u00bb vise \u00e0 donner une formation sp\u00e9cifique aux gestionnaires de la num\u00e9risation. C\u2019est une s\u00e9ance pratique qui consiste \u00e0 montrer comment g\u00e9rer pas \u00e0 pas les diff\u00e9rentes \u00e9tapes de traitement de la num\u00e9risation via Alma.<br \/><span style=\"text-decoration: underline;\">Public cible<\/span>\u00a0: biblioth\u00e9caires-documentalistes, gestionnaires PIB<br \/><span style=\"text-decoration: underline;\">Formation certifiante<\/span> : non<\/p>\n\n\n<div class=\"ead-preview\"><div class=\"ead-document\" style=\"position: relative;padding-top: 90%;\"><iframe src=\"\/\/view.officeapps.live.com\/op\/embed.aspx?src=https%3A%2F%2Fservices.lib.uliege.be%2Falma%2Fwp-content%2Fuploads%2F2019%2F12%2FNumerisationPartielle20191208.pptx\" title=\"Document embarqu\u00e9\" class=\"ead-iframe\" style=\"width: 100%;height: 100%;border: none;position: absolute;left: 0;top: 0;\"><\/iframe><\/div><p class=\"embed_download\"><a href=\"https:\/\/services.lib.uliege.be\/alma\/wp-content\/uploads\/2019\/12\/NumerisationPartielle20191208.pptx\" download>T\u00e9l\u00e9charger [3.42 MB] <\/a><\/p><\/div>\n","protected":false},"excerpt":{"rendered":"<p>La formation \u00ab\u00a0Num\u00e9risation partielle\u00a0\u00bb vise \u00e0 donner une formation sp\u00e9cifique aux gestionnaires de la num\u00e9risation. C\u2019est une s\u00e9ance pratique qui consiste \u00e0 montrer comment g\u00e9rer pas \u00e0 pas les diff\u00e9rentes \u00e9tapes de traitement de la num\u00e9risation via Alma.Public cible\u00a0: biblioth\u00e9caires-documentalistes, gestionnaires PIBFormation certifiante : non<\/p>\n","protected":false},"author":5,"featured_media":0,"parent":0,"menu_order":0,"comment_status":"closed","ping_status":"closed","template":"","meta":{"jetpack_post_was_ever_published":false,"footnotes":""},"class_list":["post-24","page","type-page","status-publish","hentry"],"jetpack_sharing_enabled":true,"jetpack_shortlink":"https:\/\/wp.me\/P7rJUv-o","_links":{"self":[{"href":"https:\/\/services.lib.uliege.be\/alma\/wp-json\/wp\/v2\/pages\/24","targetHints":{"allow":["GET"]}}],"collection":[{"href":"https:\/\/services.lib.uliege.be\/alma\/wp-json\/wp\/v2\/pages"}],"about":[{"href":"https:\/\/services.lib.uliege.be\/alma\/wp-json\/wp\/v2\/types\/page"}],"author":[{"embeddable":true,"href":"https:\/\/services.lib.uliege.be\/alma\/wp-json\/wp\/v2\/users\/5"}],"replies":[{"embeddable":true,"href":"https:\/\/services.lib.uliege.be\/alma\/wp-json\/wp\/v2\/comments?post=24"}],"version-history":[{"count":28,"href":"https:\/\/services.lib.uliege.be\/alma\/wp-json\/wp\/v2\/pages\/24\/revisions"}],"predecessor-version":[{"id":5178,"href":"https:\/\/services.lib.uliege.be\/alma\/wp-json\/wp\/v2\/pages\/24\/revisions\/5178"}],"wp:attachment":[{"href":"https:\/\/services.lib.uliege.be\/alma\/wp-json\/wp\/v2\/media?parent=24"}],"curies":[{"name":"wp","href":"https:\/\/api.w.org\/{rel}","templated":true}]}}