{"id":21,"date":"2016-04-07T12:26:06","date_gmt":"2016-04-07T11:26:06","guid":{"rendered":"https:\/\/app.lib.uliege.be\/alma\/?page_id=21"},"modified":"2019-09-20T13:31:54","modified_gmt":"2019-09-20T11:31:54","slug":"resource-sharing","status":"publish","type":"page","link":"https:\/\/services.lib.uliege.be\/alma\/resource-sharing\/","title":{"rendered":"Resource Sharing"},"content":{"rendered":"<p>La formation Resource sharing (Pr\u00eat interbiblioth\u00e8ques) \u00e0 l\u2019ULi\u00e8ge se compose de quatre points :<\/p>\n<ul>\n<li><a href=\"https:\/\/services.lib.uliege.be\/alma\/resource-sharing\/resource-sharing-organisation-du-pib-a-lulg\/\">L&rsquo;organisation du PIB \u00e0 l&rsquo;ULi\u00e8ge<\/a><\/li>\n<li><a href=\"https:\/\/services.lib.uliege.be\/alma\/resource-sharing\/resource-sharing-gestion-des-demandes-sortantes-borrowing-requests\/\">La gestion des demandes sortantes de PIB<\/a> (<em>borrowing requests<\/em>, demandes de documents adress\u00e9es\u00a0\u00e0 une biblioth\u00e8que ext\u00e9rieure [non-ULi\u00e8ge])<\/li>\n<li><a href=\"https:\/\/services.lib.uliege.be\/alma\/resource-sharing\/resource-sharing-gestion-des-demandes-entrantes-lending-requests\/\">La gestion des demandes entrantes de PIB<\/a> (<em>lending requests<\/em>, demandes adress\u00e9es aux biblioth\u00e8ques ULi\u00e8ge par une biblioth\u00e8que ext\u00e9rieure)<\/li>\n<li><a href=\"https:\/\/services.lib.uliege.be\/alma\/resource-sharing\/resource-sharing-ajout-dun-partenaire\/\">L&rsquo;ajout de partenaires<\/a><\/li>\n<\/ul>\n<p><u>Public cible<\/u>\u00a0: biblioth\u00e9caires-documentalistes<br \/>\n<u>Formation certifiante<\/u>\u00a0: oui<\/p>\n","protected":false},"excerpt":{"rendered":"<p>La formation Resource sharing (Pr\u00eat interbiblioth\u00e8ques) \u00e0 l\u2019ULi\u00e8ge se compose de quatre points : L&rsquo;organisation du PIB \u00e0 l&rsquo;ULi\u00e8ge La gestion des demandes sortantes de PIB (borrowing requests, demandes de documents adress\u00e9es\u00a0\u00e0 une biblioth\u00e8que ext\u00e9rieure [non-ULi\u00e8ge]) La gestion des demandes entrantes de PIB (lending requests, demandes adress\u00e9es aux biblioth\u00e8ques ULi\u00e8ge&#8230; <a href=\"https:\/\/services.lib.uliege.be\/alma\/resource-sharing\/\" class=\"readmore\">Lire l&#039;int\u00e9gralit\u00e9&#8230;<span class=\"screen-reader-text\">Resource Sharing<\/span><span class=\"fa fa-angle-double-right\" aria-hidden=\"true\"><\/span><\/a><\/p>\n","protected":false},"author":5,"featured_media":0,"parent":0,"menu_order":0,"comment_status":"closed","ping_status":"closed","template":"","meta":{"jetpack_post_was_ever_published":false,"footnotes":""},"class_list":["post-21","page","type-page","status-publish","hentry"],"jetpack_sharing_enabled":true,"jetpack_shortlink":"https:\/\/wp.me\/P7rJUv-l","_links":{"self":[{"href":"https:\/\/services.lib.uliege.be\/alma\/wp-json\/wp\/v2\/pages\/21","targetHints":{"allow":["GET"]}}],"collection":[{"href":"https:\/\/services.lib.uliege.be\/alma\/wp-json\/wp\/v2\/pages"}],"about":[{"href":"https:\/\/services.lib.uliege.be\/alma\/wp-json\/wp\/v2\/types\/page"}],"author":[{"embeddable":true,"href":"https:\/\/services.lib.uliege.be\/alma\/wp-json\/wp\/v2\/users\/5"}],"replies":[{"embeddable":true,"href":"https:\/\/services.lib.uliege.be\/alma\/wp-json\/wp\/v2\/comments?post=21"}],"version-history":[{"count":28,"href":"https:\/\/services.lib.uliege.be\/alma\/wp-json\/wp\/v2\/pages\/21\/revisions"}],"predecessor-version":[{"id":4906,"href":"https:\/\/services.lib.uliege.be\/alma\/wp-json\/wp\/v2\/pages\/21\/revisions\/4906"}],"wp:attachment":[{"href":"https:\/\/services.lib.uliege.be\/alma\/wp-json\/wp\/v2\/media?parent=21"}],"curies":[{"name":"wp","href":"https:\/\/api.w.org\/{rel}","templated":true}]}}