{"id":1363,"date":"2016-09-21T09:50:26","date_gmt":"2016-09-21T07:50:26","guid":{"rendered":"https:\/\/app.lib.uliege.be\/alma\/?page_id=1363"},"modified":"2024-07-10T12:09:55","modified_gmt":"2024-07-10T10:09:55","slug":"formulaires","status":"publish","type":"page","link":"https:\/\/services.lib.uliege.be\/alma\/formulaires\/","title":{"rendered":"Formulaires"},"content":{"rendered":"<ul>\n<li><a href=\"https:\/\/services.lib.uliege.be\/codebarre\/\" target=\"_blank\" rel=\"noopener noreferrer\">Commande de nouveaux <strong>codes-barres<\/strong><\/a><\/li>\n<li><a href=\"https:\/\/app.lib.uliege.be\/jobiro\/\" target=\"_blank\" rel=\"noopener noreferrer\"><strong>JobiRo<\/strong> &#8211; ajout ou prolongation de r\u00f4les pour les jobistes<\/a><\/li>\n<\/ul>\n<p>L&rsquo;acc\u00e8s \u00e0 ces formulaires n\u00e9cessite une authentification.<\/p>\n","protected":false},"excerpt":{"rendered":"<p>Commande de nouveaux codes-barres JobiRo &#8211; ajout ou prolongation de r\u00f4les pour les jobistes L&rsquo;acc\u00e8s \u00e0 ces formulaires n\u00e9cessite une authentification.<\/p>\n","protected":false},"author":5,"featured_media":0,"parent":0,"menu_order":0,"comment_status":"closed","ping_status":"closed","template":"","meta":{"jetpack_post_was_ever_published":false,"footnotes":""},"class_list":["post-1363","page","type-page","status-publish","hentry"],"jetpack_sharing_enabled":false,"jetpack_shortlink":"https:\/\/wp.me\/P7rJUv-lZ","_links":{"self":[{"href":"https:\/\/services.lib.uliege.be\/alma\/wp-json\/wp\/v2\/pages\/1363","targetHints":{"allow":["GET"]}}],"collection":[{"href":"https:\/\/services.lib.uliege.be\/alma\/wp-json\/wp\/v2\/pages"}],"about":[{"href":"https:\/\/services.lib.uliege.be\/alma\/wp-json\/wp\/v2\/types\/page"}],"author":[{"embeddable":true,"href":"https:\/\/services.lib.uliege.be\/alma\/wp-json\/wp\/v2\/users\/5"}],"replies":[{"embeddable":true,"href":"https:\/\/services.lib.uliege.be\/alma\/wp-json\/wp\/v2\/comments?post=1363"}],"version-history":[{"count":10,"href":"https:\/\/services.lib.uliege.be\/alma\/wp-json\/wp\/v2\/pages\/1363\/revisions"}],"predecessor-version":[{"id":6753,"href":"https:\/\/services.lib.uliege.be\/alma\/wp-json\/wp\/v2\/pages\/1363\/revisions\/6753"}],"wp:attachment":[{"href":"https:\/\/services.lib.uliege.be\/alma\/wp-json\/wp\/v2\/media?parent=1363"}],"curies":[{"name":"wp","href":"https:\/\/api.w.org\/{rel}","templated":true}]}}