{"id":1203,"date":"2016-09-13T11:58:21","date_gmt":"2016-09-13T10:58:21","guid":{"rendered":"https:\/\/app.lib.uliege.be\/alma\/?page_id=1203"},"modified":"2019-09-19T16:39:09","modified_gmt":"2019-09-19T14:39:09","slug":"a-propos","status":"publish","type":"page","link":"https:\/\/services.lib.uliege.be\/alma\/a-propos\/","title":{"rendered":"\u00c0 propos"},"content":{"rendered":"<p>Le site <em>Alma et Primo @ ULi\u00e8ge Library<\/em> a deux objectifs.<\/p>\n<p>Il r\u00e9pertorie les diff\u00e9rents supports de formation, m\u00e9mos et tutoriels mis en place par <a href=\"https:\/\/lib.uliege.be\/\" target=\"_blank\" rel=\"noopener noreferrer\">ULi\u00e8ge Library<\/a> dans le cadre des formations au syst\u00e8me de gestion de biblioth\u00e8que Alma&nbsp;et de la solution discovery Primo VE. Ces documents p\u00e9dagogiques sont \u00e9labor\u00e9s par les diff\u00e9rents membres des groupes de travail et viennent en compl\u00e9ment \u00e0 la documentation (en fran\u00e7ais et en anglais) d\u00e9j\u00e0 mise \u00e0 disposition par la soci\u00e9t\u00e9 Ex Libris.<br \/>\nLe site est principalement constitu\u00e9 de deux types de document :<\/p>\n<ol>\n<li>les <strong>supports de formation<\/strong> : Il s&rsquo;agit de pr\u00e9sentations PowerPoint utilis\u00e9es dans le cadre de nos formations internes (initiales et\/ou continues). Les pr\u00e9sentations peuvent \u00eatre visualis\u00e9es&nbsp;et&nbsp;librement t\u00e9l\u00e9charg\u00e9es \u00e0 partir du site. Certaines pr\u00e9sentations disposent de nombreux commentaires essentiels&nbsp;\u00e0 leur compr\u00e9hension. Ces commentaires ne sont accessibles que si la pr\u00e9sentation a \u00e9t\u00e9 t\u00e9l\u00e9charg\u00e9e ou que si les notes sont affich\u00e9es dans la liseuse PowerPoint Online.<\/li>\n<li>les <strong>How To<\/strong> : La rubrique How To met l&rsquo;accent sur des proc\u00e9dures particuli\u00e8res, des comportements et bons r\u00e9flexes \u00e0 avoir ainsi que sur certains pi\u00e8ges \u00e0 \u00e9viter. En fonction de l&rsquo;\u00e9volution d&rsquo;Alma et du d\u00e9ploiement de nouvelles fonctionnalit\u00e9s ou des demandes des biblioth\u00e9caires de l&rsquo;ULi\u00e8ge, de nouveaux How To pourront \u00eatre ajout\u00e9s.<\/li>\n<\/ol>\n<p>Le personnel de ULi\u00e8ge Library utilise indistinctement les interfaces fran\u00e7aise et anglaise d&rsquo;Alma.&nbsp;Selon les supports et How To, les termes et captures d&rsquo;\u00e9cran pourront \u00eatre dans une langue ou l&rsquo;autre, chaque auteur \u00e9tant pleinement libre de son choix.<\/p>\n<p>Ensuite, fonction secondaire du&nbsp;site, <em>Alma et Primo @ ULi\u00e8ge Library<\/em> permet aux personnes ext\u00e9rieures au projet d&rsquo;avoir un aper\u00e7u des \u00e9tapes cl\u00e9 du d\u00e9ploiement du syst\u00e8me de gestion de biblioth\u00e8que Alma \u00e0 l&rsquo;Universit\u00e9 de Li\u00e8ge.<\/p>\n","protected":false},"excerpt":{"rendered":"<p>Le site Alma et Primo @ ULi\u00e8ge Library a deux objectifs. Il r\u00e9pertorie les diff\u00e9rents supports de formation, m\u00e9mos et tutoriels mis en place par ULi\u00e8ge Library dans le cadre des formations au syst\u00e8me de gestion de biblioth\u00e8que Alma&nbsp;et de la solution discovery Primo VE. Ces documents p\u00e9dagogiques sont \u00e9labor\u00e9s&#8230; <a href=\"https:\/\/services.lib.uliege.be\/alma\/a-propos\/\" class=\"readmore\">Lire l&#039;int\u00e9gralit\u00e9&#8230;<span class=\"screen-reader-text\">\u00c0 propos<\/span><span class=\"fa fa-angle-double-right\" aria-hidden=\"true\"><\/span><\/a><\/p>\n","protected":false},"author":5,"featured_media":0,"parent":0,"menu_order":0,"comment_status":"closed","ping_status":"closed","template":"","meta":{"jetpack_post_was_ever_published":false,"footnotes":""},"class_list":["post-1203","page","type-page","status-publish","hentry"],"jetpack_sharing_enabled":true,"jetpack_shortlink":"https:\/\/wp.me\/P7rJUv-jp","_links":{"self":[{"href":"https:\/\/services.lib.uliege.be\/alma\/wp-json\/wp\/v2\/pages\/1203","targetHints":{"allow":["GET"]}}],"collection":[{"href":"https:\/\/services.lib.uliege.be\/alma\/wp-json\/wp\/v2\/pages"}],"about":[{"href":"https:\/\/services.lib.uliege.be\/alma\/wp-json\/wp\/v2\/types\/page"}],"author":[{"embeddable":true,"href":"https:\/\/services.lib.uliege.be\/alma\/wp-json\/wp\/v2\/users\/5"}],"replies":[{"embeddable":true,"href":"https:\/\/services.lib.uliege.be\/alma\/wp-json\/wp\/v2\/comments?post=1203"}],"version-history":[{"count":11,"href":"https:\/\/services.lib.uliege.be\/alma\/wp-json\/wp\/v2\/pages\/1203\/revisions"}],"predecessor-version":[{"id":6904,"href":"https:\/\/services.lib.uliege.be\/alma\/wp-json\/wp\/v2\/pages\/1203\/revisions\/6904"}],"wp:attachment":[{"href":"https:\/\/services.lib.uliege.be\/alma\/wp-json\/wp\/v2\/media?parent=1203"}],"curies":[{"name":"wp","href":"https:\/\/api.w.org\/{rel}","templated":true}]}}